CRAN Package Check Results for Package base.rms

Last updated on 2020-12-05 23:47:39 CET.

Flavor Version Tinstall Tcheck Ttotal Status Flags
r-devel-linux-x86_64-debian-clang 1.0 12.59 110.35 122.94 OK
r-devel-linux-x86_64-debian-gcc 1.0 10.81 83.63 94.44 OK
r-devel-linux-x86_64-fedora-clang 1.0 154.34 NOTE
r-devel-linux-x86_64-fedora-gcc 1.0 141.20 NOTE
r-devel-windows-ix86+x86_64 1.0 30.00 120.00 150.00 OK
r-patched-linux-x86_64 1.0 9.53 99.92 109.45 OK
r-patched-solaris-x86 1.0 211.90 NOTE
r-release-linux-x86_64 1.0 9.78 101.50 111.28 OK
r-release-macos-x86_64 1.0 NOTE
r-release-windows-ix86+x86_64 1.0 24.00 102.00 126.00 OK
r-oldrel-macos-x86_64 1.0 NOTE
r-oldrel-windows-ix86+x86_64 1.0 25.00 121.00 146.00 OK

Check Details

Version: 1.0
Check: dependencies in R code
Result: NOTE
    Namespace in Imports field not imported from: ‘splines’
     All declared Imports should be used.
Flavors: r-devel-linux-x86_64-fedora-clang, r-devel-linux-x86_64-fedora-gcc, r-patched-solaris-x86, r-release-macos-x86_64, r-oldrel-macos-x86_64