CRAN Package Check Results for Package basedosdados

Last updated on 2021-07-24 02:48:25 CEST.

Flavor Version Tinstall Tcheck Ttotal Status Flags
r-devel-linux-x86_64-debian-clang 0.0.5 5.94 60.18 66.12 OK
r-devel-linux-x86_64-debian-gcc 0.0.5 4.78 45.12 49.90 OK
r-devel-linux-x86_64-fedora-clang 0.0.5 89.45 NOTE
r-devel-linux-x86_64-fedora-gcc 0.0.5 74.32 NOTE
r-devel-windows-x86_64 0.0.5 9.00 61.00 70.00 OK
r-devel-windows-x86_64-gcc10-UCRT 0.0.5 NOTE
r-patched-linux-x86_64 0.0.5 5.94 55.91 61.85 OK
r-patched-solaris-x86 0.0.5 108.20 NOTE
r-release-linux-x86_64 0.0.5 5.32 56.24 61.56 OK
r-release-macos-arm64 0.0.5 NOTE
r-release-macos-x86_64 0.0.5 NOTE
r-release-windows-ix86+x86_64 0.0.5 16.00 85.00 101.00 OK
r-oldrel-macos-x86_64 0.0.5 NOTE
r-oldrel-windows-ix86+x86_64 0.0.5 18.00 76.00 94.00 OK

Check Details

Version: 0.0.5
Check: dependencies in R code
Result: NOTE
    Namespaces in Imports field not imported from:
     ‘dotenv’ ‘dplyr’ ‘googleAuthR’ ‘httr’ ‘tibble’ ‘writexl’
     All declared Imports should be used.
Flavors: r-devel-linux-x86_64-fedora-clang, r-devel-linux-x86_64-fedora-gcc, r-devel-windows-x86_64-gcc10-UCRT, r-patched-solaris-x86, r-release-macos-arm64, r-release-macos-x86_64, r-oldrel-macos-x86_64