Last updated on 2023-03-28 15:55:27 CEST.
Flavor | Version | Tinstall | Tcheck | Ttotal | Status | Flags |
---|---|---|---|---|---|---|
r-devel-linux-x86_64-debian-clang | 0.0.5 | 25.48 | 270.09 | 295.57 | OK | |
r-devel-linux-x86_64-debian-gcc | 0.0.5 | 19.28 | 197.12 | 216.40 | OK | |
r-devel-linux-x86_64-fedora-clang | 0.0.5 | 358.19 | OK | |||
r-devel-linux-x86_64-fedora-gcc | 0.0.5 | 367.70 | OK | |||
r-devel-windows-x86_64 | 0.0.5 | 38.00 | 260.00 | 298.00 | OK | |
r-patched-linux-x86_64 | 0.0.5 | 24.10 | 253.61 | 277.71 | OK | |
r-release-linux-x86_64 | 0.0.5 | 22.77 | 242.46 | 265.23 | OK | |
r-release-macos-arm64 | 0.0.5 | 91.00 | OK | |||
r-release-macos-x86_64 | 0.0.5 | 107.00 | OK | |||
r-release-windows-x86_64 | 0.0.5 | 33.00 | 280.00 | 313.00 | OK | |
r-oldrel-macos-arm64 | 0.0.5 | 82.00 | OK | |||
r-oldrel-macos-x86_64 | 0.0.5 | 102.00 | OK | |||
r-oldrel-windows-ix86+x86_64 | 0.0.5 | 58.00 | 257.00 | 315.00 | NOTE |
Version: 0.0.5
Check: R code for possible problems
Result: NOTE
Initiating curl with CURL_SSL_BACKEND: openssl
Flavor: r-oldrel-windows-ix86+x86_64