CRAN Package Check Results for Package basetheme

Last updated on 2021-04-12 22:50:55 CEST.

Flavor Version Tinstall Tcheck Ttotal Status Flags
r-devel-linux-x86_64-debian-clang 0.1.2 2.15 22.89 25.04 NOTE
r-devel-linux-x86_64-debian-gcc 0.1.2 1.57 17.96 19.53 NOTE
r-devel-linux-x86_64-fedora-clang 0.1.2 40.72 NOTE
r-devel-linux-x86_64-fedora-gcc 0.1.2 29.85 NOTE
r-devel-windows-ix86+x86_64 0.1.2 5.00 32.00 37.00 NOTE
r-devel-windows-x86_64-gcc10-UCRT 0.1.2 NOTE
r-patched-linux-x86_64 0.1.2 2.25 21.99 24.24 OK
r-patched-solaris-x86 0.1.2 47.10 OK
r-release-linux-x86_64 0.1.2 1.79 22.02 23.81 OK
r-release-macos-x86_64 0.1.2 OK
r-release-windows-ix86+x86_64 0.1.2 5.00 32.00 37.00 OK
r-oldrel-macos-x86_64 0.1.2 OK
r-oldrel-windows-ix86+x86_64 0.1.2 6.00 38.00 44.00 OK

Check Details

Version: 0.1.2
Check: LazyData
Result: NOTE
     'LazyData' is specified without a 'data' directory
Flavors: r-devel-linux-x86_64-debian-clang, r-devel-linux-x86_64-debian-gcc, r-devel-linux-x86_64-fedora-clang, r-devel-linux-x86_64-fedora-gcc, r-devel-windows-ix86+x86_64, r-devel-windows-x86_64-gcc10-UCRT