CRAN Package Check Results for Package basetheme

Last updated on 2021-10-17 16:49:17 CEST.

Flavor Version Tinstall Tcheck Ttotal Status Flags
r-devel-linux-x86_64-debian-clang 0.1.2 1.94 22.35 24.29 NOTE
r-devel-linux-x86_64-debian-gcc 0.1.2 1.63 17.72 19.35 NOTE
r-devel-linux-x86_64-fedora-clang 0.1.2 39.86 NOTE
r-devel-linux-x86_64-fedora-gcc 0.1.2 28.97 NOTE
r-devel-windows-x86_64 0.1.2 4.00 35.00 39.00 NOTE
r-devel-windows-x86_64-gcc10-UCRT 0.1.2 NOTE
r-patched-linux-x86_64 0.1.2 1.82 21.60 23.42 NOTE
r-patched-solaris-x86 0.1.2 44.90 NOTE
r-release-linux-x86_64 0.1.2 1.89 21.36 23.25 NOTE
r-release-macos-arm64 0.1.2 NOTE
r-release-macos-x86_64 0.1.2 NOTE
r-release-windows-ix86+x86_64 0.1.2 5.00 34.00 39.00 NOTE
r-oldrel-macos-x86_64 0.1.2 OK
r-oldrel-windows-ix86+x86_64 0.1.2 5.00 32.00 37.00 OK

Check Details

Version: 0.1.2
Check: LazyData
Result: NOTE
     'LazyData' is specified without a 'data' directory
Flavors: r-devel-linux-x86_64-debian-clang, r-devel-linux-x86_64-debian-gcc, r-devel-linux-x86_64-fedora-clang, r-devel-linux-x86_64-fedora-gcc, r-devel-windows-x86_64, r-devel-windows-x86_64-gcc10-UCRT, r-patched-linux-x86_64, r-patched-solaris-x86, r-release-linux-x86_64, r-release-macos-arm64, r-release-macos-x86_64, r-release-windows-ix86+x86_64