Last updated on 2023-03-21 19:03:54 CET.
Flavor | Version | Tinstall | Tcheck | Ttotal | Status | Flags |
---|---|---|---|---|---|---|
r-devel-linux-x86_64-debian-clang | 0.2.0 | 6.07 | 71.37 | 77.44 | NOTE | |
r-devel-linux-x86_64-debian-gcc | 0.2.0 | 4.49 | 53.80 | 58.29 | NOTE | |
r-devel-linux-x86_64-fedora-clang | 0.2.0 | 98.16 | NOTE | |||
r-devel-linux-x86_64-fedora-gcc | 0.2.0 | 87.90 | NOTE | |||
r-devel-windows-x86_64 | 0.2.0 | 12.00 | 92.00 | 104.00 | NOTE | |
r-patched-linux-x86_64 | 0.2.0 | 5.97 | 70.26 | 76.23 | NOTE | |
r-release-linux-x86_64 | 0.2.0 | 5.86 | 70.03 | 75.89 | NOTE | |
r-release-macos-arm64 | 0.2.0 | 29.00 | NOTE | |||
r-release-macos-x86_64 | 0.2.0 | 41.00 | NOTE | |||
r-release-windows-x86_64 | 0.2.0 | 13.00 | 96.00 | 109.00 | NOTE | |
r-oldrel-macos-arm64 | 0.2.0 | 31.00 | NOTE | |||
r-oldrel-macos-x86_64 | 0.2.0 | 39.00 | NOTE | |||
r-oldrel-windows-ix86+x86_64 | 0.2.0 | 16.00 | 97.00 | 113.00 | NOTE |
Version: 0.2.0
Check: LazyData
Result: NOTE
'LazyData' is specified without a 'data' directory
Flavors: r-devel-linux-x86_64-debian-clang, r-devel-linux-x86_64-debian-gcc, r-devel-linux-x86_64-fedora-clang, r-devel-linux-x86_64-fedora-gcc, r-devel-windows-x86_64, r-patched-linux-x86_64, r-release-linux-x86_64, r-release-macos-arm64, r-release-macos-x86_64, r-release-windows-x86_64, r-oldrel-macos-arm64, r-oldrel-macos-x86_64, r-oldrel-windows-ix86+x86_64