CRAN Package Check Results for Package basf

Last updated on 2024-04-13 06:00:54 CEST.

Flavor Version Tinstall Tcheck Ttotal Status Flags
r-devel-linux-x86_64-debian-clang 0.2.0 6.60 68.73 75.33 NOTE
r-devel-linux-x86_64-debian-gcc 0.2.0 5.31 51.21 56.52 NOTE
r-devel-linux-x86_64-fedora-clang 0.2.0 99.59 NOTE
r-devel-linux-x86_64-fedora-gcc 0.2.0 88.38 NOTE
r-devel-windows-x86_64 0.2.0 6.00 72.00 78.00 NOTE
r-patched-linux-x86_64 0.2.0 4.67 68.48 73.15 NOTE
r-release-linux-x86_64 0.2.0 6.26 67.30 73.56 NOTE
r-release-macos-arm64 0.2.0 30.00 NOTE
r-release-macos-x86_64 0.2.0 50.00 NOTE
r-release-windows-x86_64 0.2.0 9.00 74.00 83.00 NOTE
r-oldrel-macos-arm64 0.2.0 29.00 NOTE
r-oldrel-windows-x86_64 0.2.0 9.00 81.00 90.00 NOTE

Check Details

Version: 0.2.0
Check: LazyData
Result: NOTE 'LazyData' is specified without a 'data' directory Flavors: r-devel-linux-x86_64-debian-clang, r-devel-linux-x86_64-debian-gcc, r-devel-linux-x86_64-fedora-clang, r-devel-linux-x86_64-fedora-gcc, r-devel-windows-x86_64, r-patched-linux-x86_64, r-release-linux-x86_64, r-release-macos-arm64, r-release-macos-x86_64, r-release-windows-x86_64, r-oldrel-macos-arm64, r-oldrel-windows-x86_64