Last updated on 2022-05-29 04:57:59 CEST.
Flavor | Version | Tinstall | Tcheck | Ttotal | Status | Flags |
---|---|---|---|---|---|---|
r-devel-linux-x86_64-debian-clang | 0.2.0 | 6.30 | 83.92 | 90.22 | NOTE | |
r-devel-linux-x86_64-debian-gcc | 0.2.0 | 3.68 | 62.98 | 66.66 | NOTE | |
r-devel-linux-x86_64-fedora-clang | 0.2.0 | 104.77 | NOTE | |||
r-devel-linux-x86_64-fedora-gcc | 0.2.0 | 101.02 | NOTE | |||
r-devel-windows-x86_64 | 0.2.0 | 13.00 | 91.00 | 104.00 | NOTE | |
r-patched-linux-x86_64 | 0.2.0 | 5.70 | 78.75 | 84.45 | NOTE | |
r-release-linux-x86_64 | 0.2.0 | 5.08 | 79.78 | 84.86 | NOTE | |
r-release-macos-arm64 | 0.2.0 | 29.00 | NOTE | |||
r-release-macos-x86_64 | 0.2.0 | 41.00 | NOTE | |||
r-release-windows-x86_64 | 0.2.0 | 13.00 | 101.00 | 114.00 | NOTE | |
r-oldrel-macos-arm64 | 0.2.0 | 31.00 | NOTE | |||
r-oldrel-macos-x86_64 | 0.2.0 | 39.00 | NOTE | |||
r-oldrel-windows-ix86+x86_64 | 0.2.0 | 16.00 | 96.00 | 112.00 | NOTE |
Version: 0.2.0
Check: LazyData
Result: NOTE
'LazyData' is specified without a 'data' directory
Flavors: r-devel-linux-x86_64-debian-clang, r-devel-linux-x86_64-debian-gcc, r-devel-linux-x86_64-fedora-clang, r-devel-linux-x86_64-fedora-gcc, r-devel-windows-x86_64, r-patched-linux-x86_64, r-release-linux-x86_64, r-release-macos-arm64, r-release-macos-x86_64, r-release-windows-x86_64, r-oldrel-macos-arm64, r-oldrel-macos-x86_64, r-oldrel-windows-ix86+x86_64