CRAN Package Check Results for Package basicMCMCplots

Last updated on 2021-04-16 21:50:13 CEST.

Flavor Version Tinstall Tcheck Ttotal Status Flags
r-devel-linux-x86_64-debian-clang 0.2.6 2.15 22.66 24.81 NOTE
r-devel-linux-x86_64-debian-gcc 0.2.6 1.71 18.07 19.78 NOTE
r-devel-linux-x86_64-fedora-clang 0.2.6 40.63 NOTE
r-devel-linux-x86_64-fedora-gcc 0.2.6 30.40 NOTE
r-devel-windows-ix86+x86_64 0.2.6 5.00 35.00 40.00 NOTE
r-devel-windows-x86_64-gcc10-UCRT 0.2.6 NOTE
r-patched-linux-x86_64 0.2.6 2.20 22.09 24.29 OK
r-patched-solaris-x86 0.2.6 48.30 OK
r-release-linux-x86_64 0.2.6 2.10 21.85 23.95 OK
r-release-macos-x86_64 0.2.6 OK
r-release-windows-ix86+x86_64 0.2.6 4.00 25.00 29.00 OK
r-oldrel-macos-x86_64 0.2.6 OK
r-oldrel-windows-ix86+x86_64 0.2.6 3.00 26.00 29.00 OK

Check Details

Version: 0.2.6
Check: LazyData
Result: NOTE
     'LazyData' is specified without a 'data' directory
Flavors: r-devel-linux-x86_64-debian-clang, r-devel-linux-x86_64-debian-gcc, r-devel-linux-x86_64-fedora-clang, r-devel-linux-x86_64-fedora-gcc, r-devel-windows-ix86+x86_64, r-devel-windows-x86_64-gcc10-UCRT