CRAN Package Check Results for Package batchmix

Last updated on 2022-12-04 22:54:37 CET.

Flavor Version Tinstall Tcheck Ttotal Status Flags
r-devel-linux-x86_64-debian-clang 1.0.1 285.47 102.53 388.00 OK
r-devel-linux-x86_64-debian-gcc 1.0.1 222.82 73.34 296.16 OK
r-devel-linux-x86_64-fedora-clang 1.0.1 604.31 WARN
r-devel-linux-x86_64-fedora-gcc 1.0.1 663.02 OK
r-devel-windows-x86_64 1.0.1 244.00 163.00 407.00 OK
r-patched-linux-x86_64 1.0.1 211.86 92.15 304.01 OK
r-release-linux-x86_64 1.0.1 186.28 226.01 412.29 OK
r-release-macos-arm64 1.0.1 154.00 NOTE
r-release-macos-x86_64 1.0.1 198.00 NOTE
r-release-windows-x86_64 1.0.1 251.00 294.00 545.00 OK
r-oldrel-macos-arm64 1.0.1 140.00 NOTE
r-oldrel-macos-x86_64 1.0.1 200.00 NOTE
r-oldrel-windows-ix86+x86_64 1.0.1 714.00 204.00 918.00 OK

Check Details

Version: 1.0.1
Check: compiled code
Result: WARN
    File ‘batchmix/libs/batchmix.so’:
     Found ‘sprintf’, possibly from ‘sprintf’ (C)
     Object: ‘test-runner.o’
    
    Compiled code should not call entry points which might terminate R nor
    write to stdout/stderr instead of to the console, nor use Fortran I/O
    nor system RNGs nor [v]sprintf.
    
    See ‘Writing portable packages’ in the ‘Writing R Extensions’ manual.
Flavor: r-devel-linux-x86_64-fedora-clang

Version: 1.0.1
Check: installed package size
Result: NOTE
     installed size is 13.1Mb
     sub-directories of 1Mb or more:
     libs 12.6Mb
Flavors: r-release-macos-arm64, r-release-macos-x86_64, r-oldrel-macos-arm64, r-oldrel-macos-x86_64