CRAN Package Check Results for Package batchr

Last updated on 2021-09-19 13:48:55 CEST.

Flavor Version Tinstall Tcheck Ttotal Status Flags
r-devel-linux-x86_64-debian-clang 0.0.1 4.06 52.51 56.57 NOTE
r-devel-linux-x86_64-debian-gcc 0.0.1 3.05 41.16 44.21 NOTE
r-devel-linux-x86_64-fedora-clang 0.0.1 76.02 NOTE
r-devel-linux-x86_64-fedora-gcc 0.0.1 66.02 NOTE
r-devel-windows-x86_64 0.0.1 6.00 76.00 82.00 NOTE
r-devel-windows-x86_64-gcc10-UCRT 0.0.1 ERROR
r-patched-linux-x86_64 0.0.1 3.96 50.34 54.30 NOTE
r-patched-solaris-x86 0.0.1 109.20 NOTE
r-release-linux-x86_64 0.0.1 4.01 50.29 54.30 NOTE
r-release-macos-arm64 0.0.1 NOTE
r-release-macos-x86_64 0.0.1 ERROR
r-release-windows-ix86+x86_64 0.0.1 9.00 80.00 89.00 NOTE
r-oldrel-macos-x86_64 0.0.1 ERROR
r-oldrel-windows-ix86+x86_64 0.0.1 9.00 81.00 90.00 OK

Check Details

Version: 0.0.1
Check: LazyData
Result: NOTE
     'LazyData' is specified without a 'data' directory
Flavors: r-devel-linux-x86_64-debian-clang, r-devel-linux-x86_64-debian-gcc, r-devel-linux-x86_64-fedora-clang, r-devel-linux-x86_64-fedora-gcc, r-devel-windows-x86_64, r-devel-windows-x86_64-gcc10-UCRT, r-patched-linux-x86_64, r-patched-solaris-x86, r-release-linux-x86_64, r-release-macos-arm64, r-release-macos-x86_64, r-release-windows-ix86+x86_64

Version: 0.0.1
Check: whether package can be installed
Result: WARN
    Found the following significant warnings:
     WARNING: installation-time patches will not be applied, could not get the patches index
Flavor: r-devel-windows-x86_64-gcc10-UCRT

Version: 0.0.1
Check: PDF version of manual
Result: WARN
    LaTeX errors when creating PDF version.
    This typically indicates Rd problems.
Flavor: r-devel-windows-x86_64-gcc10-UCRT

Version: 0.0.1
Check: PDF version of manual without hyperrefs or index
Result: ERROR
    Re-running with no redirection of stdout/stderr.
Flavor: r-devel-windows-x86_64-gcc10-UCRT

Version: 0.0.1
Check: examples
Result: ERROR
    Running examples in ‘batchr-Ex.R’ failed
    The error most likely occurred in:
    
    > ### Name: batch_completed
    > ### Title: Batch Completed?
    > ### Aliases: batch_completed
    >
    > ### ** Examples
    >
    > path <- tempdir()
    > write.csv(mtcars, file.path(path, "file1.csv"))
    > batch_config(function(x) TRUE, path, regexp = "[.]csv$")
    Error: Directory '/Volumes/Temp/tmp/Rtmp2JD4ue' already contains a '.batchr.rds' file.
    Backtrace:
     █
     1. └─batchr::batch_config(function(x) TRUE, path, regexp = "[.]csv$")
     2. └─chk::err("Directory '", path, "' already contains a '.batchr.rds' file.")
     3. └─rlang::exec(abort, msg, .subclass = .subclass, !!!args[named])
    Execution halted
Flavor: r-release-macos-x86_64

Version: 0.0.1
Check: tests
Result: ERROR
     Running ‘testthat.R’ [7s/61s]
    Running the tests in ‘tests/testthat.R’ failed.
    Last 13 lines of output:
     names for target but not for current
     Lengths (1, 0) differ (comparison on first 0 components)
     ── Failure (test-status.R:24:3): batch_file_status all processed successfully ──
     status[c("type", "file", "message")] not identical to structure(...).
     Attributes: < Component "row.names": Numeric: lengths (2, 1) differ >
     Component "type": Lengths (2, 1) differ (string compare on first 1)
     Component "file": Lengths (2, 1) differ (string compare on first 1)
     Component "message": Lengths (2, 1) differ (string compare on first 1)
     ── Failure (test-status.R:28:3): batch_file_status all processed successfully ──
     round(as.numeric(status$time)) not identical to 0.
     Lengths differ: 2 is not 1
    
     [ FAIL 27 | WARN 12 | SKIP 1 | PASS 305 ]
     Error: Test failures
     Execution halted
Flavor: r-release-macos-x86_64

Version: 0.0.1
Check: re-building of vignette outputs
Result: WARN
    Error(s) in re-building vignettes:
     ...
    --- re-building ‘batchr.Rmd’ using rmarkdown
    Warning in engine$weave(file, quiet = quiet, encoding = enc) :
     Pandoc (>= 1.12.3) not available. Falling back to R Markdown v1.
    Quitting from lines 76-77 (batchr.Rmd)
    Error: processing vignette 'batchr.Rmd' failed with diagnostics:
    `x` must be a scalar.
    --- failed re-building ‘batchr.Rmd’
    
    SUMMARY: processing the following file failed:
     ‘batchr.Rmd’
    
    Error: Vignette re-building failed.
    Execution halted
Flavor: r-release-macos-x86_64

Version: 0.0.1
Check: examples
Result: ERROR
    Running examples in ‘batchr-Ex.R’ failed
    The error most likely occurred in:
    
    > ### Name: batch_completed
    > ### Title: Batch Completed?
    > ### Aliases: batch_completed
    >
    > ### ** Examples
    >
    > path <- tempdir()
    > write.csv(mtcars, file.path(path, "file1.csv"))
    > batch_config(function(x) TRUE, path, regexp = "[.]csv$")
    Error: Directory '/Volumes/Temp/tmp/Rtmpb4EKEs' already contains a '.batchr.rds' file.
    Backtrace:
     █
     1. └─batchr::batch_config(function(x) TRUE, path, regexp = "[.]csv$")
     2. └─chk::err("Directory '", path, "' already contains a '.batchr.rds' file.")
     3. └─rlang::exec(abort, msg, .subclass = .subclass, !!!args[named])
    Execution halted
Flavor: r-oldrel-macos-x86_64

Version: 0.0.1
Check: tests
Result: ERROR
     Running ‘testthat.R’ [6s/12s]
    Running the tests in ‘tests/testthat.R’ failed.
    Last 13 lines of output:
     names for target but not for current
     Lengths (1, 0) differ (comparison on first 0 components)
     ── Failure (test-status.R:24:3): batch_file_status all processed successfully ──
     status[c("type", "file", "message")] not identical to structure(...).
     Attributes: < Component "row.names": Numeric: lengths (2, 1) differ >
     Component "type": Lengths (2, 1) differ (string compare on first 1)
     Component "file": Lengths (2, 1) differ (string compare on first 1)
     Component "message": Lengths (2, 1) differ (string compare on first 1)
     ── Failure (test-status.R:28:3): batch_file_status all processed successfully ──
     round(as.numeric(status$time)) not identical to 0.
     Lengths differ: 2 is not 1
    
     [ FAIL 29 | WARN 14 | SKIP 1 | PASS 303 ]
     Error: Test failures
     Execution halted
Flavor: r-oldrel-macos-x86_64

Version: 0.0.1
Check: re-building of vignette outputs
Result: WARN
    Error(s) in re-building vignettes:
     ...
    --- re-building ‘batchr.Rmd’ using rmarkdown
    Pandoc is required to build R Markdown vignettes but not available. Please make sure it is installed.
    Quitting from lines 76-77 (batchr.Rmd)
    Error: processing vignette 'batchr.Rmd' failed with diagnostics:
    `x` must be a scalar.
    --- failed re-building ‘batchr.Rmd’
    
    SUMMARY: processing the following file failed:
     ‘batchr.Rmd’
    
    Error: Vignette re-building failed.
    Execution halted
Flavor: r-oldrel-macos-x86_64