CRAN Package Check Results for Package batchscr

Last updated on 2021-04-13 14:47:24 CEST.

Flavor Version Tinstall Tcheck Ttotal Status Flags
r-devel-linux-x86_64-debian-clang 0.1.0 1.71 19.23 20.94 NOTE
r-devel-linux-x86_64-debian-gcc 0.1.0 1.27 15.63 16.90 NOTE
r-devel-linux-x86_64-fedora-clang 0.1.0 34.97 NOTE
r-devel-linux-x86_64-fedora-gcc 0.1.0 25.62 NOTE
r-devel-windows-ix86+x86_64 0.1.0 5.00 28.00 33.00 NOTE
r-devel-windows-x86_64-gcc10-UCRT 0.1.0 NOTE
r-patched-linux-x86_64 0.1.0 1.75 18.91 20.66 OK
r-patched-solaris-x86 0.1.0 39.50 OK
r-release-linux-x86_64 0.1.0 1.75 18.87 20.62 OK
r-release-macos-x86_64 0.1.0 OK
r-release-windows-ix86+x86_64 0.1.0 5.00 29.00 34.00 OK
r-oldrel-macos-x86_64 0.1.0 OK
r-oldrel-windows-ix86+x86_64 0.1.0 3.00 36.00 39.00 OK

Check Details

Version: 0.1.0
Check: LazyData
Result: NOTE
     'LazyData' is specified without a 'data' directory
Flavors: r-devel-linux-x86_64-debian-clang, r-devel-linux-x86_64-debian-gcc, r-devel-linux-x86_64-fedora-clang, r-devel-linux-x86_64-fedora-gcc, r-devel-windows-ix86+x86_64, r-devel-windows-x86_64-gcc10-UCRT