CRAN Package Check Results for Package batchtools

Last updated on 2022-07-06 08:51:43 CEST.

Flavor Version Tinstall Tcheck Ttotal Status Flags
r-devel-linux-x86_64-debian-clang 0.9.15 16.33 155.20 171.53 OK
r-devel-linux-x86_64-debian-gcc 0.9.15 10.62 113.87 124.49 OK
r-devel-linux-x86_64-fedora-clang 0.9.15 207.78 NOTE
r-devel-linux-x86_64-fedora-gcc 0.9.15 206.12 OK
r-devel-windows-x86_64 0.9.15 115.00 234.00 349.00 OK
r-patched-linux-x86_64 0.9.15 18.94 141.70 160.64 OK
r-release-linux-x86_64 0.9.15 14.35 142.53 156.88 OK
r-release-macos-arm64 0.9.15 78.00 NOTE
r-release-macos-x86_64 0.9.15 104.00 NOTE
r-release-windows-x86_64 0.9.15 75.00 233.00 308.00 OK
r-oldrel-macos-arm64 0.9.15 93.00 NOTE
r-oldrel-macos-x86_64 0.9.15 125.00 NOTE
r-oldrel-windows-ix86+x86_64 0.9.15 31.00 347.00 378.00 OK

Check Details

Version: 0.9.15
Check: Rd cross-references
Result: NOTE
    Undeclared package ‘Rmpi’ in Rd xrefs
Flavor: r-devel-linux-x86_64-fedora-clang

Version: 0.9.15
Check: package dependencies
Result: NOTE
    Package suggested but not available for checking: ‘doMPI’
Flavors: r-release-macos-arm64, r-release-macos-x86_64, r-oldrel-macos-arm64, r-oldrel-macos-x86_64

Version: 0.9.15
Check: Rd cross-references
Result: NOTE
    Package unavailable to check Rd xrefs: ‘Rmpi’
Flavors: r-release-macos-arm64, r-release-macos-x86_64, r-oldrel-macos-arm64, r-oldrel-macos-x86_64