CRAN Package Check Results for Package bate

Last updated on 2022-10-07 23:08:29 CEST.

Flavor Version Tinstall Tcheck Ttotal Status Flags
r-devel-linux-x86_64-debian-clang 0.1.0 7.28 259.04 266.32 OK
r-devel-linux-x86_64-debian-gcc 0.1.0 5.22 194.37 199.59 OK
r-devel-linux-x86_64-fedora-clang 0.1.0 336.34 NOTE
r-devel-linux-x86_64-fedora-gcc 0.1.0 324.94 NOTE
r-devel-windows-x86_64 0.1.0 35.00 277.00 312.00 OK
r-patched-linux-x86_64 0.1.0 7.56 246.77 254.33 OK
r-release-linux-x86_64 0.1.0 4.73 245.07 249.80 OK
r-release-macos-arm64 0.1.0 97.00 NOTE
r-release-macos-x86_64 0.1.0 151.00 NOTE
r-release-windows-x86_64 0.1.0 21.00 282.00 303.00 OK
r-oldrel-macos-arm64 0.1.0 90.00 NOTE
r-oldrel-macos-x86_64 0.1.0 105.00 NOTE
r-oldrel-windows-ix86+x86_64 0.1.0 19.00 301.00 320.00 OK

Check Details

Version: 0.1.0
Check: dependencies in R code
Result: NOTE
    Namespace in Imports field not imported from: ‘vtable’
     All declared Imports should be used.
Flavors: r-devel-linux-x86_64-fedora-clang, r-devel-linux-x86_64-fedora-gcc, r-release-macos-arm64, r-release-macos-x86_64, r-oldrel-macos-arm64, r-oldrel-macos-x86_64