Last updated on 2022-05-23 15:53:29 CEST.
Flavor | Version | Tinstall | Tcheck | Ttotal | Status | Flags |
---|---|---|---|---|---|---|
r-devel-linux-x86_64-debian-clang | 1.6 | 37.35 | 58.16 | 95.51 | OK | |
r-devel-linux-x86_64-debian-gcc | 1.6 | 31.10 | 44.41 | 75.51 | OK | |
r-devel-linux-x86_64-fedora-clang | 1.6 | 130.19 | NOTE | |||
r-devel-linux-x86_64-fedora-gcc | 1.6 | 118.67 | NOTE | |||
r-devel-windows-x86_64 | 1.6 | 33.00 | 100.00 | 133.00 | OK | |
r-patched-linux-x86_64 | 1.6 | 31.57 | 55.55 | 87.12 | OK | |
r-release-linux-x86_64 | 1.6 | OK | ||||
r-release-macos-arm64 | 1.6 | 33.00 | NOTE | |||
r-release-macos-x86_64 | 1.6 | 55.00 | NOTE | |||
r-release-windows-x86_64 | 1.6 | 37.00 | 101.00 | 138.00 | OK | |
r-oldrel-macos-arm64 | 1.6 | 33.00 | NOTE | |||
r-oldrel-macos-x86_64 | 1.6 | 45.00 | NOTE | |||
r-oldrel-windows-ix86+x86_64 | 1.6 | 90.00 | 124.00 | 214.00 | OK |
Version: 1.6
Check: dependencies in R code
Result: NOTE
Namespaces in Imports field not imported from:
‘gridExtra’ ‘rgl’
All declared Imports should be used.
Flavors: r-devel-linux-x86_64-fedora-clang, r-devel-linux-x86_64-fedora-gcc, r-release-macos-arm64, r-release-macos-x86_64, r-oldrel-macos-arm64, r-oldrel-macos-x86_64