CRAN Package Check Results for Package bayes4psy

Last updated on 2019-11-20 17:47:25 CET.

Flavor Version Tinstall Tcheck Ttotal Status Flags
r-devel-linux-x86_64-debian-clang 1.1.1 477.68 160.75 638.43 NOTE
r-devel-linux-x86_64-debian-gcc 1.1.1 475.55 143.97 619.52 NOTE
r-devel-linux-x86_64-fedora-clang 1.1.1 884.70 NOTE
r-devel-linux-x86_64-fedora-gcc 1.1.1 1062.09 NOTE
r-devel-windows-ix86+x86_64 1.1.1 1129.00 429.00 1558.00 NOTE
r-devel-windows-ix86+x86_64-gcc8 1.1.1 875.00 318.00 1193.00 NOTE
r-patched-linux-x86_64 1.1.1 470.07 166.31 636.38 NOTE
r-patched-solaris-x86 1.1.1 856.90 NOTE
r-release-linux-x86_64 1.1.1 449.39 168.57 617.96 NOTE
r-release-windows-ix86+x86_64 1.1.1 1042.00 386.00 1428.00 NOTE
r-release-osx-x86_64 1.1.1 NOTE
r-oldrel-windows-ix86+x86_64 1.1.1 782.00 429.00 1211.00 NOTE
r-oldrel-osx-x86_64 1.1.1 NOTE

Check Details

Version: 1.1.1
Check: for GNU extensions in Makefiles
Result: NOTE
    GNU make is a SystemRequirements.
Flavors: r-devel-linux-x86_64-debian-clang, r-devel-linux-x86_64-debian-gcc, r-devel-linux-x86_64-fedora-clang, r-devel-linux-x86_64-fedora-gcc, r-devel-windows-ix86+x86_64, r-devel-windows-ix86+x86_64-gcc8, r-patched-linux-x86_64, r-patched-solaris-x86, r-release-linux-x86_64, r-release-windows-ix86+x86_64, r-release-osx-x86_64, r-oldrel-windows-ix86+x86_64, r-oldrel-osx-x86_64

Version: 1.1.1
Check: installed package size
Result: NOTE
     installed size is 70.2Mb
     sub-directories of 1Mb or more:
     libs 69.3Mb
Flavors: r-devel-linux-x86_64-fedora-clang, r-devel-windows-ix86+x86_64, r-devel-windows-ix86+x86_64-gcc8, r-patched-solaris-x86, r-release-windows-ix86+x86_64, r-release-osx-x86_64, r-oldrel-windows-ix86+x86_64, r-oldrel-osx-x86_64

Version: 1.1.1
Check: dependencies in R code
Result: NOTE
    Namespace in Imports field not imported from: ‘utils’
     All declared Imports should be used.
Flavors: r-devel-linux-x86_64-fedora-clang, r-devel-linux-x86_64-fedora-gcc, r-patched-solaris-x86, r-release-osx-x86_64, r-oldrel-osx-x86_64