Last updated on 2023-12-10 16:51:07 CET.
Flavor | Version | Tinstall | Tcheck | Ttotal | Status | Flags |
---|---|---|---|---|---|---|
r-devel-linux-x86_64-debian-clang | 3.0.4 | 7.33 | 29.51 | 36.84 | NOTE | |
r-devel-linux-x86_64-debian-gcc | 3.0.4 | 3.88 | 23.18 | 27.06 | NOTE | |
r-devel-linux-x86_64-fedora-clang | 3.0.4 | 49.74 | OK | |||
r-devel-linux-x86_64-fedora-gcc | 3.0.4 | 43.08 | OK | |||
r-devel-windows-x86_64 | 3.0.4 | 8.00 | 47.00 | 55.00 | OK | |
r-patched-linux-x86_64 | 3.0.4 | 4.70 | 28.70 | 33.40 | OK | |
r-release-linux-x86_64 | 3.0.4 | 5.22 | 28.98 | 34.20 | OK | |
r-release-macos-arm64 | 3.0.4 | 22.00 | OK | |||
r-release-macos-x86_64 | 3.0.4 | 43.00 | OK | |||
r-release-windows-x86_64 | 3.0.4 | 10.00 | 46.00 | 56.00 | OK | |
r-oldrel-macos-arm64 | 3.0.4 | 22.00 | OK | |||
r-oldrel-macos-x86_64 | 3.0.4 | 30.00 | OK | |||
r-oldrel-windows-x86_64 | 3.0.4 | 9.00 | 52.00 | 61.00 | OK |
Version: 3.0.4
Check: Rd files
Result: NOTE
checkRd: (-1) bayesDccGarch.Rd:91: Lost braces; missing escapes or markup?
91 | \item{$H_n1 }{ Bayesian prediction of volatilities and co-volatilities for y_{n+1}.}
| ^
checkRd: (-1) bayesDccGarch.Rd:92: Lost braces; missing escapes or markup?
92 | \item{$R_n1 }{ Bayesian prediction of coditional correlation for y_{n+1}.}
| ^
Flavors: r-devel-linux-x86_64-debian-clang, r-devel-linux-x86_64-debian-gcc