CRAN Package Check Results for Package bayesImageS

Last updated on 2020-08-06 23:48:24 CEST.

Flavor Version Tinstall Tcheck Ttotal Status Flags
r-devel-linux-x86_64-debian-clang 0.6-0 75.70 112.33 188.03 OK
r-devel-linux-x86_64-debian-gcc 0.6-0 60.36 83.97 144.33 OK
r-devel-linux-x86_64-fedora-clang 0.6-0 258.48 NOTE
r-devel-linux-x86_64-fedora-gcc 0.6-0 229.83 OK
r-devel-windows-ix86+x86_64 0.6-0 189.00 156.00 345.00 OK
r-patched-linux-x86_64 0.6-0 64.81 104.05 168.86 OK
r-patched-solaris-x86 0.6-0 292.20 OK
r-release-linux-x86_64 0.6-0 63.30 103.27 166.57 OK
r-release-macos-x86_64 0.6-0 NOTE
r-release-windows-ix86+x86_64 0.6-0 189.00 165.00 354.00 OK
r-oldrel-macos-x86_64 0.6-0 NOTE
r-oldrel-windows-ix86+x86_64 0.6-0 118.00 142.00 260.00 OK

Check Details

Version: 0.6-0
Check: installed package size
Result: NOTE
     installed size is 7.3Mb
     sub-directories of 1Mb or more:
     data 1.6Mb
     libs 5.0Mb
Flavors: r-devel-linux-x86_64-fedora-clang, r-release-macos-x86_64, r-oldrel-macos-x86_64