CRAN Package Check Results for Package bayesPO

Last updated on 2022-01-22 22:52:04 CET.

Flavor Version Tinstall Tcheck Ttotal Status Flags
r-devel-linux-x86_64-debian-clang 0.3.1 88.16 64.76 152.92 OK
r-devel-linux-x86_64-debian-gcc 0.3.1 61.94 50.95 112.89 OK
r-devel-linux-x86_64-fedora-clang 0.3.1 215.97 NOTE
r-devel-linux-x86_64-fedora-gcc 0.3.1 184.21 OK
r-devel-windows-x86_64-new-UL 0.3.1 99.00 112.00 211.00 OK
r-devel-windows-x86_64-new-TK 0.3.1 OK
r-patched-linux-x86_64 0.3.1 78.72 62.96 141.68 OK
r-release-linux-x86_64 0.3.1 74.06 62.87 136.93 OK
r-release-macos-arm64 0.3.1 NOTE
r-release-macos-x86_64 0.3.1 NOTE
r-release-windows-ix86+x86_64 0.3.1 206.00 118.00 324.00 OK
r-oldrel-macos-x86_64 0.3.1 NOTE
r-oldrel-windows-ix86+x86_64 0.3.1 209.00 115.00 324.00 OK

Check Details

Version: 0.3.1
Check: installed package size
Result: NOTE
     installed size is 9.2Mb
     sub-directories of 1Mb or more:
     libs 8.5Mb
Flavors: r-devel-linux-x86_64-fedora-clang, r-release-macos-arm64, r-release-macos-x86_64, r-oldrel-macos-x86_64