CRAN Package Check Results for Package bayesSurv

Last updated on 2020-01-26 19:49:19 CET.

Flavor Version Tinstall Tcheck Ttotal Status Flags
r-devel-linux-x86_64-debian-clang 3.2 114.64 103.37 218.01 OK
r-devel-linux-x86_64-debian-gcc 3.2 86.51 78.50 165.01 OK
r-devel-linux-x86_64-fedora-clang 3.2 331.44 WARN
r-devel-linux-x86_64-fedora-gcc 3.2 279.79 OK
r-devel-windows-ix86+x86_64 3.2 231.00 193.00 424.00 OK
r-devel-windows-ix86+x86_64-gcc8 3.2 307.00 194.00 501.00 OK
r-patched-linux-x86_64 3.2 94.36 91.19 185.55 OK
r-patched-solaris-x86 3.2 254.80 OK
r-release-linux-x86_64 3.2 99.75 91.81 191.56 OK
r-release-windows-ix86+x86_64 3.2 213.00 171.00 384.00 OK
r-release-osx-x86_64 3.2 NOTE
r-oldrel-windows-ix86+x86_64 3.2 179.00 163.00 342.00 OK
r-oldrel-osx-x86_64 3.2 NOTE

Check Details

Version: 3.2
Check: package dependencies
Result: WARN
    Requires orphaned package: ‘smoothSurv’
Flavor: r-devel-linux-x86_64-fedora-clang

Version: 3.2
Check: installed package size
Result: NOTE
     installed size is 6.1Mb
     sub-directories of 1Mb or more:
     libs 4.9Mb
Flavors: r-devel-linux-x86_64-fedora-clang, r-release-osx-x86_64, r-oldrel-osx-x86_64