CRAN Package Check Results for Package bayesTFR

Last updated on 2019-10-18 17:48:21 CEST.

Flavor Version Tinstall Tcheck Ttotal Status Flags
r-devel-linux-x86_64-debian-clang 6.3-1 13.66 75.77 89.43 OK
r-devel-linux-x86_64-debian-gcc 6.3-1 10.66 58.39 69.05 OK
r-devel-linux-x86_64-fedora-clang 6.3-1 105.28 NOTE
r-devel-linux-x86_64-fedora-gcc 6.3-1 104.59 OK
r-devel-windows-ix86+x86_64 6.3-1 58.00 165.00 223.00 OK
r-patched-linux-x86_64 6.3-1 13.70 75.14 88.84 OK
r-patched-solaris-x86 6.3-1 139.00 OK
r-release-linux-x86_64 6.3-1 12.20 75.97 88.17 OK
r-release-windows-ix86+x86_64 6.3-1 27.00 158.00 185.00 OK
r-release-osx-x86_64 6.3-1 NOTE
r-oldrel-windows-ix86+x86_64 6.3-1 24.00 101.00 125.00 OK
r-oldrel-osx-x86_64 6.3-1 NOTE

Check Details

Version: 6.3-1
Check: installed package size
Result: NOTE
     installed size is 6.0Mb
     sub-directories of 1Mb or more:
     ex-data 4.7Mb
Flavors: r-devel-linux-x86_64-fedora-clang, r-release-osx-x86_64, r-oldrel-osx-x86_64