CRAN Package Check Results for Package bayesTFR

Last updated on 2019-07-18 00:48:27 CEST.

Flavor Version Tinstall Tcheck Ttotal Status Flags
r-devel-linux-x86_64-debian-clang 6.3-1 15.07 77.57 92.64 OK
r-devel-linux-x86_64-debian-gcc 6.3-1 11.64 60.09 71.73 OK
r-devel-linux-x86_64-fedora-clang 6.3-1 105.53 NOTE
r-devel-linux-x86_64-fedora-gcc 6.3-1 103.89 OK
r-devel-windows-ix86+x86_64 6.3-1 51.00 111.00 162.00 OK
r-patched-linux-x86_64 6.3-1 13.06 77.88 90.94 OK
r-patched-solaris-x86 6.3-1 146.20 OK
r-release-linux-x86_64 6.3-1 12.45 76.15 88.60 OK
r-release-windows-ix86+x86_64 6.3-1 27.00 165.00 192.00 OK
r-release-osx-x86_64 6.3-1 NOTE
r-oldrel-windows-ix86+x86_64 6.3-1 29.00 135.00 164.00 OK
r-oldrel-osx-x86_64 6.3-1 NOTE

Check Details

Version: 6.3-1
Check: installed package size
Result: NOTE
     installed size is 6.0Mb
     sub-directories of 1Mb or more:
     ex-data 4.7Mb
Flavors: r-devel-linux-x86_64-fedora-clang, r-release-osx-x86_64, r-oldrel-osx-x86_64