Last updated on 2022-08-08 08:49:51 CEST.
Flavor | Version | Tinstall | Tcheck | Ttotal | Status | Flags |
---|---|---|---|---|---|---|
r-devel-linux-x86_64-debian-clang | 7.1-1 | 24.33 | 121.83 | 146.16 | OK | |
r-devel-linux-x86_64-debian-gcc | 7.1-1 | 14.80 | 88.89 | 103.69 | OK | |
r-devel-linux-x86_64-fedora-clang | 7.1-1 | 177.59 | NOTE | |||
r-devel-linux-x86_64-fedora-gcc | 7.1-1 | 171.15 | OK | |||
r-devel-windows-x86_64 | 7.1-1 | 913.00 | 161.00 | 1074.00 | OK | |
r-patched-linux-x86_64 | 7.1-1 | 17.63 | 112.08 | 129.71 | OK | |
r-release-linux-x86_64 | 7.1-1 | OK | ||||
r-release-macos-arm64 | 7.1-1 | 45.00 | NOTE | |||
r-release-macos-x86_64 | 7.1-1 | 62.00 | NOTE | |||
r-release-windows-x86_64 | 7.1-1 | 485.00 | 159.00 | 644.00 | OK | |
r-oldrel-macos-arm64 | 7.1-1 | 45.00 | NOTE | |||
r-oldrel-macos-x86_64 | 7.1-1 | 67.00 | NOTE | |||
r-oldrel-windows-ix86+x86_64 | 7.1-1 | 41.00 | 177.00 | 218.00 | OK |
Version: 7.1-1
Check: installed package size
Result: NOTE
installed size is 5.8Mb
sub-directories of 1Mb or more:
ex-data 4.7Mb
Flavors: r-devel-linux-x86_64-fedora-clang, r-release-macos-arm64, r-release-macos-x86_64, r-oldrel-macos-arm64, r-oldrel-macos-x86_64