CRAN Package Check Results for Package bayesbr

Last updated on 2022-10-05 21:53:28 CEST.

Flavor Version Tinstall Tcheck Ttotal Status Flags
r-devel-linux-x86_64-debian-clang 0.0.1.0 151.09 204.00 355.09 NOTE
r-devel-linux-x86_64-debian-gcc 0.0.1.0 123.09 158.82 281.91 NOTE
r-devel-linux-x86_64-fedora-clang 0.0.1.0 443.60 NOTE
r-devel-linux-x86_64-fedora-gcc 0.0.1.0 514.22 NOTE
r-devel-windows-x86_64 0.0.1.0 130.00 300.00 430.00 NOTE
r-patched-linux-x86_64 0.0.1.0 130.51 210.43 340.94 NOTE
r-release-linux-x86_64 0.0.1.0 118.00 211.48 329.48 NOTE
r-release-macos-arm64 0.0.1.0 127.00 NOTE
r-release-macos-x86_64 0.0.1.0 264.00 NOTE
r-release-windows-x86_64 0.0.1.0 232.00 291.00 523.00 NOTE
r-oldrel-macos-arm64 0.0.1.0 176.00 NOTE
r-oldrel-macos-x86_64 0.0.1.0 155.00 NOTE
r-oldrel-windows-ix86+x86_64 0.0.1.0 327.00 489.00 816.00 NOTE

Check Details

Version: 0.0.1.0
Check: for GNU extensions in Makefiles
Result: NOTE
    GNU make is a SystemRequirements.
Flavors: r-devel-linux-x86_64-debian-clang, r-devel-linux-x86_64-debian-gcc, r-devel-linux-x86_64-fedora-clang, r-devel-linux-x86_64-fedora-gcc, r-devel-windows-x86_64, r-patched-linux-x86_64, r-release-linux-x86_64, r-release-macos-arm64, r-release-macos-x86_64, r-release-windows-x86_64, r-oldrel-macos-arm64, r-oldrel-macos-x86_64, r-oldrel-windows-ix86+x86_64

Version: 0.0.1.0
Check: dependencies in R code
Result: NOTE
    Namespaces in Imports field not imported from:
     ‘magrittr’ ‘rstantools’
     All declared Imports should be used.
Flavors: r-devel-linux-x86_64-fedora-clang, r-devel-linux-x86_64-fedora-gcc, r-release-macos-arm64, r-release-macos-x86_64, r-oldrel-macos-arm64, r-oldrel-macos-x86_64

Version: 0.0.1.0
Check: installed package size
Result: NOTE
     installed size is 41.5Mb
     sub-directories of 1Mb or more:
     libs 39.4Mb
Flavors: r-release-macos-arm64, r-release-macos-x86_64, r-oldrel-macos-arm64, r-oldrel-macos-x86_64, r-oldrel-windows-ix86+x86_64