CRAN Package Check Results for Package bayescopulareg

Last updated on 2020-11-25 02:48:58 CET.

Flavor Version Tinstall Tcheck Ttotal Status Flags
r-devel-linux-x86_64-debian-clang 0.1.2 205.36 28.18 233.54 OK
r-devel-linux-x86_64-debian-gcc 0.1.2 223.80 23.30 247.10 OK
r-devel-linux-x86_64-fedora-clang 0.1.2 338.68 NOTE
r-devel-linux-x86_64-fedora-gcc 0.1.2 287.95 OK
r-devel-windows-ix86+x86_64 0.1.2 445.00 79.00 524.00 OK
r-patched-linux-x86_64 0.1.2 282.34 29.59 311.93 OK
r-patched-solaris-x86 0.1.2 249.30 OK
r-release-linux-x86_64 0.1.2 273.30 27.93 301.23 OK
r-release-macos-x86_64 0.1.2 NOTE
r-release-windows-ix86+x86_64 0.1.2 455.00 67.00 522.00 OK
r-oldrel-macos-x86_64 0.1.2 NOTE
r-oldrel-windows-ix86+x86_64 0.1.2 357.00 70.00 427.00 OK

Check Details

Version: 0.1.2
Check: installed package size
Result: NOTE
     installed size is 6.9Mb
     sub-directories of 1Mb or more:
     libs 6.8Mb
Flavors: r-devel-linux-x86_64-fedora-clang, r-release-macos-x86_64, r-oldrel-macos-x86_64