Last updated on 2023-12-03 04:02:15 CET.
Flavor | Version | Tinstall | Tcheck | Ttotal | Status | Flags |
---|---|---|---|---|---|---|
r-devel-linux-x86_64-debian-clang | 0.9.99-8 | 20.58 | 147.12 | 167.70 | WARN | |
r-devel-linux-x86_64-debian-gcc | 0.9.99-8 | 10.99 | 105.85 | 116.84 | WARN | |
r-devel-linux-x86_64-fedora-clang | 0.9.99-8 | 212.20 | WARN | |||
r-devel-linux-x86_64-fedora-gcc | 0.9.99-8 | 225.83 | WARN | |||
r-devel-windows-x86_64 | 0.9.99-8 | 14.00 | 171.00 | 185.00 | WARN | |
r-patched-linux-x86_64 | 0.9.99-8 | 14.31 | 143.13 | 157.44 | OK | |
r-release-linux-x86_64 | 0.9.99-8 | 18.36 | 140.51 | 158.87 | OK | |
r-release-macos-arm64 | 0.9.99-8 | 81.00 | OK | |||
r-release-macos-x86_64 | 0.9.99-8 | 131.00 | OK | |||
r-release-windows-x86_64 | 0.9.99-8 | 14.00 | 178.00 | 192.00 | OK | |
r-oldrel-macos-arm64 | 0.9.99-8 | 80.00 | OK | |||
r-oldrel-macos-x86_64 | 0.9.99-8 | 103.00 | OK | |||
r-oldrel-windows-x86_64 | 0.9.99-8 | 20.00 | 197.00 | 217.00 | OK |
Version: 0.9.99-8
Check: whether package can be installed
Result: WARN
Found the following significant warnings:
power.c:275:30: warning: format specifies type 'double' but the argument has type 'unsigned int' [-Wformat]
power.c:450:30: warning: format specifies type 'double' but the argument has type 'unsigned int' [-Wformat]
power.c:750:30: warning: format specifies type 'double' but the argument has type 'unsigned int' [-Wformat]
power.c:868:30: warning: format specifies type 'double' but the argument has type 'unsigned int' [-Wformat]
See ‘/home/hornik/tmp/R.check/r-devel-clang/Work/PKGS/bayescount.Rcheck/00install.out’ for details.
* used C compiler: ‘Debian clang version 17.0.5 (1)’
Flavor: r-devel-linux-x86_64-debian-clang
Version: 0.9.99-8
Check: whether package can be installed
Result: WARN
Found the following significant warnings:
power.c:275:27: warning: format ‘%f’ expects argument of type ‘double’, but argument 2 has type ‘unsigned int’ [-Wformat=]
power.c:450:27: warning: format ‘%f’ expects argument of type ‘double’, but argument 2 has type ‘unsigned int’ [-Wformat=]
power.c:750:27: warning: format ‘%f’ expects argument of type ‘double’, but argument 2 has type ‘unsigned int’ [-Wformat=]
power.c:868:27: warning: format ‘%f’ expects argument of type ‘double’, but argument 2 has type ‘unsigned int’ [-Wformat=]
See ‘/home/hornik/tmp/R.check/r-devel-gcc/Work/PKGS/bayescount.Rcheck/00install.out’ for details.
* used C compiler: ‘gcc-13 (Debian 13.2.0-5) 13.2.0’
Flavor: r-devel-linux-x86_64-debian-gcc
Version: 0.9.99-8
Check: whether package can be installed
Result: WARN
Found the following significant warnings:
power.c:275:30: warning: format specifies type 'double' but the argument has type 'unsigned int' [-Wformat]
power.c:450:30: warning: format specifies type 'double' but the argument has type 'unsigned int' [-Wformat]
power.c:750:30: warning: format specifies type 'double' but the argument has type 'unsigned int' [-Wformat]
power.c:868:30: warning: format specifies type 'double' but the argument has type 'unsigned int' [-Wformat]
See ‘/data/gannet/ripley/R/packages/tests-clang/bayescount.Rcheck/00install.out’ for details.
* used C compiler: ‘clang version 17.0.5’
Flavor: r-devel-linux-x86_64-fedora-clang
Version: 0.9.99-8
Check: whether package can be installed
Result: WARN
Found the following significant warnings:
power.c:275:27: warning: format '%f' expects argument of type 'double', but argument 2 has type 'unsigned int' [-Wformat=]
power.c:450:27: warning: format '%f' expects argument of type 'double', but argument 2 has type 'unsigned int' [-Wformat=]
power.c:750:27: warning: format '%f' expects argument of type 'double', but argument 2 has type 'unsigned int' [-Wformat=]
power.c:868:27: warning: format '%f' expects argument of type 'double', but argument 2 has type 'unsigned int' [-Wformat=]
See ‘/data/gannet/ripley/R/packages/tests-devel/bayescount.Rcheck/00install.out’ for details.
* used C compiler: ‘gcc-13 (GCC) 13.2.0’
Flavor: r-devel-linux-x86_64-fedora-gcc
Version: 0.9.99-8
Check: whether package can be installed
Result: WARN
Found the following significant warnings:
power.c:275:27: warning: format '%f' expects argument of type 'double', but argument 2 has type 'unsigned int' [-Wformat=]
power.c:450:27: warning: format '%f' expects argument of type 'double', but argument 2 has type 'unsigned int' [-Wformat=]
power.c:750:27: warning: format '%f' expects argument of type 'double', but argument 2 has type 'unsigned int' [-Wformat=]
power.c:868:27: warning: format '%f' expects argument of type 'double', but argument 2 has type 'unsigned int' [-Wformat=]
See 'd:/Rcompile/CRANpkg/local/4.4/bayescount.Rcheck/00install.out' for details.
* used C compiler: 'gcc.exe (GCC) 12.3.0'
Flavor: r-devel-windows-x86_64