Last updated on 2023-09-22 10:54:00 CEST.
Flavor | Version | Tinstall | Tcheck | Ttotal | Status | Flags |
---|---|---|---|---|---|---|
r-devel-linux-x86_64-debian-clang | 0.1.0 | 2.20 | 39.62 | 41.82 | NOTE | |
r-devel-linux-x86_64-debian-gcc | 0.1.0 | 1.80 | 29.18 | 30.98 | NOTE | |
r-devel-linux-x86_64-fedora-clang | 0.1.0 | 52.02 | NOTE | |||
r-devel-linux-x86_64-fedora-gcc | 0.1.0 | 51.32 | NOTE | |||
r-devel-windows-x86_64 | 0.1.0 | 4.00 | 62.00 | 66.00 | NOTE | |
r-patched-linux-x86_64 | 0.1.0 | 3.17 | 37.30 | 40.47 | NOTE | |
r-release-linux-x86_64 | 0.1.0 | 2.60 | 38.03 | 40.63 | NOTE | |
r-release-macos-arm64 | 0.1.0 | 23.00 | NOTE | |||
r-release-macos-x86_64 | 0.1.0 | 32.00 | NOTE | |||
r-release-windows-x86_64 | 0.1.0 | 4.00 | 64.00 | 68.00 | NOTE | |
r-oldrel-macos-arm64 | 0.1.0 | 21.00 | NOTE | |||
r-oldrel-macos-x86_64 | 0.1.0 | 29.00 | NOTE | |||
r-oldrel-windows-x86_64 | 0.1.0 | 5.00 | 64.00 | 69.00 | NOTE |
Version: 0.1.0
Check: package subdirectories
Result: NOTE
Problems with news in ‘NEWS.md’:
No news entries found.
Flavors: r-devel-linux-x86_64-debian-clang, r-devel-linux-x86_64-debian-gcc, r-devel-linux-x86_64-fedora-clang, r-devel-linux-x86_64-fedora-gcc, r-devel-windows-x86_64, r-patched-linux-x86_64, r-release-linux-x86_64, r-release-macos-arm64, r-release-macos-x86_64, r-release-windows-x86_64
Version: 0.1.0
Check: LazyData
Result: NOTE
'LazyData' is specified without a 'data' directory
Flavors: r-devel-linux-x86_64-debian-clang, r-devel-linux-x86_64-debian-gcc, r-devel-linux-x86_64-fedora-clang, r-devel-linux-x86_64-fedora-gcc, r-devel-windows-x86_64, r-patched-linux-x86_64, r-release-linux-x86_64, r-release-macos-arm64, r-release-macos-x86_64, r-release-windows-x86_64, r-oldrel-macos-arm64, r-oldrel-macos-x86_64, r-oldrel-windows-x86_64