CRAN Package Check Results for Package bayesianETAS

Last updated on 2020-08-07 02:46:42 CEST.

Flavor Version Tinstall Tcheck Ttotal Status Flags
r-devel-linux-x86_64-debian-clang 1.0.3 5.01 19.58 24.59 OK
r-devel-linux-x86_64-debian-gcc 1.0.3 3.89 15.54 19.43 OK
r-devel-linux-x86_64-fedora-clang 1.0.3 40.42 NOTE
r-devel-linux-x86_64-fedora-gcc 1.0.3 30.61 NOTE
r-devel-windows-ix86+x86_64 1.0.3 17.00 47.00 64.00 OK
r-patched-linux-x86_64 1.0.3 4.38 19.68 24.06 OK
r-patched-solaris-x86 1.0.3 45.40 OK
r-release-linux-x86_64 1.0.3 4.58 19.95 24.53 OK
r-release-macos-x86_64 1.0.3 OK
r-release-windows-ix86+x86_64 1.0.3 12.00 39.00 51.00 OK
r-oldrel-macos-x86_64 1.0.3 OK
r-oldrel-windows-ix86+x86_64 1.0.3 12.00 53.00 65.00 OK

Check Details

Version: 1.0.3
Check: compiled code
Result: NOTE
    File ‘bayesianETAS/libs/bayesianETAS.so’:
     Found no calls to: ‘R_registerRoutines’, ‘R_useDynamicSymbols’
    
    It is good practice to register native routines and to disable symbol
    search.
    
    See ‘Writing portable packages’ in the ‘Writing R Extensions’ manual.
Flavors: r-devel-linux-x86_64-fedora-clang, r-devel-linux-x86_64-fedora-gcc