CRAN Package Check Results for Package bayesianETAS

Last updated on 2019-10-18 17:48:21 CEST.

Flavor Version Tinstall Tcheck Ttotal Status Flags
r-devel-linux-x86_64-debian-clang 1.0.3 4.86 17.60 22.46 OK
r-devel-linux-x86_64-debian-gcc 1.0.3 3.69 14.47 18.16 OK
r-devel-linux-x86_64-fedora-clang 1.0.3 30.09 NOTE
r-devel-linux-x86_64-fedora-gcc 1.0.3 27.86 NOTE
r-devel-windows-ix86+x86_64 1.0.3 21.00 43.00 64.00 OK
r-patched-linux-x86_64 1.0.3 3.89 17.59 21.48 OK
r-patched-solaris-x86 1.0.3 45.00 OK
r-release-linux-x86_64 1.0.3 3.62 17.56 21.18 OK
r-release-windows-ix86+x86_64 1.0.3 12.00 53.00 65.00 OK
r-release-osx-x86_64 1.0.3 OK
r-oldrel-windows-ix86+x86_64 1.0.3 11.00 41.00 52.00 OK
r-oldrel-osx-x86_64 1.0.3 OK

Check Details

Version: 1.0.3
Check: compiled code
Result: NOTE
    File ‘bayesianETAS/libs/bayesianETAS.so’:
     Found no calls to: ‘R_registerRoutines’, ‘R_useDynamicSymbols’
    
    It is good practice to register native routines and to disable symbol
    search.
    
    See ‘Writing portable packages’ in the ‘Writing R Extensions’ manual.
Flavors: r-devel-linux-x86_64-fedora-clang, r-devel-linux-x86_64-fedora-gcc