CRAN Package Check Results for Package bayesmove

Last updated on 2021-04-23 09:50:21 CEST.

Flavor Version Tinstall Tcheck Ttotal Status Flags
r-devel-linux-x86_64-debian-clang 0.1.0 36.96 90.82 127.78 OK
r-devel-linux-x86_64-debian-gcc 0.1.0 26.93 66.30 93.23 OK
r-devel-linux-x86_64-fedora-clang 0.1.0 171.10 OK
r-devel-linux-x86_64-fedora-gcc 0.1.0 158.06 OK
r-devel-windows-ix86+x86_64 0.1.0 84.00 167.00 251.00 ERROR
r-devel-windows-x86_64-gcc10-UCRT 0.1.0 OK
r-patched-linux-x86_64 0.1.0 31.63 84.80 116.43 OK
r-patched-solaris-x86 0.1.0 176.30 OK
r-release-linux-x86_64 0.1.0 31.70 85.14 116.84 OK
r-release-macos-x86_64 0.1.0 OK
r-release-windows-ix86+x86_64 0.1.0 77.00 151.00 228.00 OK
r-oldrel-macos-x86_64 0.1.0 OK
r-oldrel-windows-ix86+x86_64 0.1.0 89.00 165.00 254.00 OK

Check Details

Version: 0.1.0
Check: running tests for arch ‘i386’
Result: ERROR
     Running 'spelling.R' [0s]
     Running 'testthat.R' [14s]
    Running the tests in 'tests/testthat.R' failed.
    Complete output:
     > library(testthat)
     > library(bayesmove)
     >
     > test_check("bayesmove")
     == Failed tests ================================================================
     -- Error (test-segment_behavior.R:40:3): segmentation model can effectively segment a dataset and return results --
     Error: .onLoad failed in loadNamespace() for 'tictoc', details:
     call: assign(".ticmsg", Stack(), envir = baseenv())
     error: cannot add binding of '.ticmsg' to the base environment
     Backtrace:
     x
     1. +-bayesmove::segment_behavior(...) test-segment_behavior.R:40:2
     2. \-base::loadNamespace(x)
     3. \-base:::runHook(".onLoad", env, package.lib, package)
    
     [ FAIL 1 | WARN 0 | SKIP 0 | PASS 68 ]
     Error: Test failures
     Execution halted
Flavor: r-devel-windows-ix86+x86_64

Version: 0.1.0
Check: running tests for arch ‘x64’
Result: ERROR
     Running 'spelling.R' [0s]
     Running 'testthat.R' [15s]
    Running the tests in 'tests/testthat.R' failed.
    Complete output:
     > library(testthat)
     > library(bayesmove)
     >
     > test_check("bayesmove")
     == Failed tests ================================================================
     -- Error (test-segment_behavior.R:40:3): segmentation model can effectively segment a dataset and return results --
     Error: .onLoad failed in loadNamespace() for 'tictoc', details:
     call: assign(".ticmsg", Stack(), envir = baseenv())
     error: cannot add binding of '.ticmsg' to the base environment
     Backtrace:
     x
     1. +-bayesmove::segment_behavior(...) test-segment_behavior.R:40:2
     2. \-base::loadNamespace(x)
     3. \-base:::runHook(".onLoad", env, package.lib, package)
    
     [ FAIL 1 | WARN 0 | SKIP 0 | PASS 68 ]
     Error: Test failures
     Execution halted
Flavor: r-devel-windows-ix86+x86_64