Last updated on 2023-05-31 05:56:03 CEST.
Flavor | Version | Tinstall | Tcheck | Ttotal | Status | Flags |
---|---|---|---|---|---|---|
r-devel-linux-x86_64-debian-clang | 1.10.0 | 15.85 | 465.29 | 481.14 | OK | |
r-devel-linux-x86_64-debian-gcc | 1.10.0 | 12.36 | 353.14 | 365.50 | OK | |
r-devel-linux-x86_64-fedora-clang | 1.10.0 | 592.36 | NOTE | |||
r-devel-linux-x86_64-fedora-gcc | 1.10.0 | 582.54 | OK | |||
r-devel-windows-x86_64 | 1.10.0 | 14.00 | 348.00 | 362.00 | NOTE | |
r-patched-linux-x86_64 | 1.10.0 | 24.00 | 444.94 | 468.94 | OK | |
r-release-linux-x86_64 | 1.10.0 | 9.85 | 452.89 | 462.74 | OK | |
r-release-macos-arm64 | 1.10.0 | 167.00 | NOTE | |||
r-release-macos-x86_64 | 1.10.0 | 294.00 | NOTE | |||
r-release-windows-x86_64 | 1.10.0 | 18.00 | 456.00 | 474.00 | NOTE | |
r-oldrel-macos-arm64 | 1.10.0 | 170.00 | NOTE | |||
r-oldrel-macos-x86_64 | 1.10.0 | 190.00 | NOTE | |||
r-oldrel-windows-x86_64 | 1.10.0 | 18.00 | 442.00 | 460.00 | NOTE |
Version: 1.10.0
Check: installed package size
Result: NOTE
installed size is 6.5Mb
sub-directories of 1Mb or more:
R 1.9Mb
doc 3.9Mb
Flavors: r-devel-linux-x86_64-fedora-clang, r-devel-windows-x86_64, r-release-macos-arm64, r-release-macos-x86_64, r-release-windows-x86_64, r-oldrel-macos-arm64, r-oldrel-macos-x86_64, r-oldrel-windows-x86_64