CRAN Package Check Results for Package bayesvl

Last updated on 2023-01-27 15:50:06 CET.

Flavor Version Tinstall Tcheck Ttotal Status Flags
r-devel-linux-x86_64-debian-clang 0.8.5 14.88 98.81 113.69 OK
r-devel-linux-x86_64-debian-gcc 0.8.5 12.00 72.46 84.46 OK
r-devel-linux-x86_64-fedora-clang 0.8.5 150.21 NOTE
r-devel-linux-x86_64-fedora-gcc 0.8.5 136.21 NOTE
r-devel-windows-x86_64 0.8.5 40.00 119.00 159.00 OK
r-patched-linux-x86_64 0.8.5 23.98 94.56 118.54 OK
r-release-linux-x86_64 0.8.5 9.72 95.17 104.89 OK
r-release-macos-arm64 0.8.5 40.00 NOTE
r-release-macos-x86_64 0.8.5 73.00 NOTE
r-release-windows-x86_64 0.8.5 47.00 125.00 172.00 OK
r-oldrel-macos-arm64 0.8.5 53.00 NOTE
r-oldrel-macos-x86_64 0.8.5 79.00 NOTE
r-oldrel-windows-ix86+x86_64 0.8.5 38.00 122.00 160.00 OK

Check Details

Version: 0.8.5
Check: dependencies in R code
Result: NOTE
    Namespace in Imports field not imported from: ‘dplyr’
     All declared Imports should be used.
Flavors: r-devel-linux-x86_64-fedora-clang, r-devel-linux-x86_64-fedora-gcc, r-release-macos-arm64, r-release-macos-x86_64, r-oldrel-macos-arm64, r-oldrel-macos-x86_64