CRAN Package Check Results for Package baystability

Last updated on 2019-07-16 07:50:37 CEST.

Flavor Version Tinstall Tcheck Ttotal Status Flags
r-devel-linux-x86_64-debian-clang 0.1.0 10.25 93.70 103.95 OK
r-devel-linux-x86_64-debian-gcc 0.1.0 9.94 74.95 84.89 OK
r-devel-linux-x86_64-fedora-clang 0.1.0 131.06 NOTE
r-devel-linux-x86_64-fedora-gcc 0.1.0 122.58 NOTE
r-devel-windows-ix86+x86_64 0.1.0 31.00 164.00 195.00 OK
r-patched-linux-x86_64 0.1.0 10.69 92.43 103.12 OK
r-patched-solaris-x86 0.1.0 209.80 NOTE
r-release-linux-x86_64 0.1.0 10.52 92.26 102.78 OK
r-release-windows-ix86+x86_64 0.1.0 27.00 151.00 178.00 OK
r-release-osx-x86_64 0.1.0 NOTE
r-oldrel-windows-ix86+x86_64 0.1.0 23.00 149.00 172.00 OK
r-oldrel-osx-x86_64 0.1.0 NOTE

Check Details

Version: 0.1.0
Check: dependencies in R code
Result: NOTE
    Namespaces in Imports field not imported from:
     ‘ggfortify’ ‘ggplot2’ ‘matrixStats’ ‘reshape2’ ‘scales’
     All declared Imports should be used.
Flavors: r-devel-linux-x86_64-fedora-clang, r-devel-linux-x86_64-fedora-gcc, r-patched-solaris-x86, r-release-osx-x86_64, r-oldrel-osx-x86_64