CRAN Package Check Results for Package baystability

Last updated on 2019-10-16 21:46:50 CEST.

Flavor Version Tinstall Tcheck Ttotal Status Flags
r-devel-linux-x86_64-debian-clang 0.1.0 10.72 93.34 104.06 OK
r-devel-linux-x86_64-debian-gcc 0.1.0 9.50 73.46 82.96 OK
r-devel-linux-x86_64-fedora-clang 0.1.0 126.65 NOTE
r-devel-linux-x86_64-fedora-gcc 0.1.0 133.88 NOTE
r-devel-windows-ix86+x86_64 0.1.0 51.00 163.00 214.00 OK
r-patched-linux-x86_64 0.1.0 10.12 88.36 98.48 OK
r-patched-solaris-x86 0.1.0 195.30 NOTE
r-release-linux-x86_64 0.1.0 10.21 90.82 101.03 OK
r-release-windows-ix86+x86_64 0.1.0 25.00 160.00 185.00 OK
r-release-osx-x86_64 0.1.0 NOTE
r-oldrel-windows-ix86+x86_64 0.1.0 16.00 108.00 124.00 OK
r-oldrel-osx-x86_64 0.1.0 NOTE

Check Details

Version: 0.1.0
Check: dependencies in R code
Result: NOTE
    Namespaces in Imports field not imported from:
     ‘ggfortify’ ‘ggplot2’ ‘matrixStats’ ‘reshape2’ ‘scales’
     All declared Imports should be used.
Flavors: r-devel-linux-x86_64-fedora-clang, r-devel-linux-x86_64-fedora-gcc, r-patched-solaris-x86, r-release-osx-x86_64, r-oldrel-osx-x86_64