CRAN Package Check Results for Package baystability

Last updated on 2020-05-29 06:48:22 CEST.

Flavor Version Tinstall Tcheck Ttotal Status Flags
r-devel-linux-x86_64-debian-clang 0.1.0 13.85 113.30 127.15 OK
r-devel-linux-x86_64-debian-gcc 0.1.0 12.01 86.84 98.85 OK
r-devel-linux-x86_64-fedora-clang 0.1.0 178.03 NOTE
r-devel-linux-x86_64-fedora-gcc 0.1.0 159.07 NOTE
r-devel-windows-ix86+x86_64 0.1.0 43.00 161.00 204.00 OK
r-patched-linux-x86_64 0.1.0 12.75 110.25 123.00 OK
r-patched-solaris-x86 0.1.0 242.10 NOTE
r-release-linux-x86_64 0.1.0 14.86 111.14 126.00 OK
r-release-osx-x86_64 0.1.0 NOTE
r-release-windows-ix86+x86_64 0.1.0 35.00 142.00 177.00 OK
r-oldrel-osx-x86_64 0.1.0 NOTE
r-oldrel-windows-ix86+x86_64 0.1.0 27.00 117.00 144.00 OK

Check Details

Version: 0.1.0
Check: dependencies in R code
Result: NOTE
    Namespaces in Imports field not imported from:
     ‘ggfortify’ ‘ggplot2’ ‘matrixStats’ ‘reshape2’ ‘scales’
     All declared Imports should be used.
Flavors: r-devel-linux-x86_64-fedora-clang, r-devel-linux-x86_64-fedora-gcc, r-patched-solaris-x86, r-release-osx-x86_64, r-oldrel-osx-x86_64