CRAN Package Check Results for Package bazar

Last updated on 2024-04-25 07:59:46 CEST.

Flavor Version Tinstall Tcheck Ttotal Status Flags
r-devel-linux-x86_64-debian-clang 1.0.11 4.36 35.10 39.46 NOTE --no-examples --no-tests --no-vignettes
r-devel-linux-x86_64-debian-gcc 1.0.11 3.09 26.39 29.48 NOTE --no-examples --no-tests --no-vignettes
r-devel-linux-x86_64-fedora-clang 1.0.11 52.57 NOTE
r-devel-linux-x86_64-fedora-gcc 1.0.11 50.32 NOTE
r-devel-windows-x86_64 1.0.11 5.00 59.00 64.00 NOTE
r-patched-linux-x86_64 1.0.11 4.73 33.63 38.36 NOTE --no-examples --no-tests --no-vignettes
r-release-linux-x86_64 1.0.11 3.87 33.70 37.57 NOTE --no-examples --no-tests --no-vignettes
r-release-macos-arm64 1.0.11 21.00 NOTE
r-release-windows-x86_64 1.0.11 4.00 58.00 62.00 NOTE
r-oldrel-macos-arm64 1.0.11 21.00 NOTE
r-oldrel-macos-x86_64 1.0.11 30.00 NOTE
r-oldrel-windows-x86_64 1.0.11 6.00 61.00 67.00 NOTE

Check Details

Version: 1.0.11
Flags: --no-examples --no-tests --no-vignettes
Check: LazyData
Result: NOTE 'LazyData' is specified without a 'data' directory Flavors: r-devel-linux-x86_64-debian-clang, r-devel-linux-x86_64-debian-gcc, r-patched-linux-x86_64, r-release-linux-x86_64

Version: 1.0.11
Check: Rd cross-references
Result: NOTE Undeclared package ‘formula.tools’ in Rd xrefs Flavor: r-devel-linux-x86_64-fedora-clang

Version: 1.0.11
Check: LazyData
Result: NOTE 'LazyData' is specified without a 'data' directory Flavors: r-devel-linux-x86_64-fedora-clang, r-devel-linux-x86_64-fedora-gcc, r-devel-windows-x86_64, r-release-macos-arm64, r-release-windows-x86_64, r-oldrel-macos-arm64, r-oldrel-macos-x86_64, r-oldrel-windows-x86_64