CRAN Package Check Results for Package bbsBayes

Last updated on 2020-08-11 12:49:52 CEST.

Flavor Version Tinstall Tcheck Ttotal Status Flags
r-devel-linux-x86_64-debian-clang 2.3.3.2020 12.11 120.18 132.29 OK
r-devel-linux-x86_64-debian-gcc 2.3.3.2020 9.23 88.07 97.30 OK
r-devel-linux-x86_64-fedora-clang 2.3.3.2020 161.87 NOTE
r-devel-linux-x86_64-fedora-gcc 2.3.3.2020 151.16 NOTE
r-devel-windows-ix86+x86_64 2.3.3.2020 32.00 174.00 206.00 OK
r-patched-linux-x86_64 2.3.3.2020 12.39 115.26 127.65 OK
r-patched-solaris-x86 2.3.3.2020 283.00 NOTE
r-release-linux-x86_64 2.3.3.2020 11.30 115.31 126.61 OK
r-release-macos-x86_64 2.3.3.2020 NOTE
r-release-windows-ix86+x86_64 2.3.3.2020 36.00 190.00 226.00 OK
r-oldrel-macos-x86_64 2.3.3.2020 NOTE
r-oldrel-windows-ix86+x86_64 2.3.3.2020 25.00 113.00 138.00 OK

Check Details

Version: 2.3.3.2020
Check: dependencies in R code
Result: NOTE
    Namespaces in Imports field not imported from:
     ‘latticeExtra’ ‘rgdal’
     All declared Imports should be used.
Flavors: r-devel-linux-x86_64-fedora-clang, r-devel-linux-x86_64-fedora-gcc, r-patched-solaris-x86, r-release-macos-x86_64, r-oldrel-macos-x86_64