CRAN Package Check Results for Package bcROCsurface

Last updated on 2022-12-08 20:49:09 CET.

Flavor Version Tinstall Tcheck Ttotal Status Flags
r-devel-linux-x86_64-debian-clang 1.0-5 45.95 105.02 150.97 OK
r-devel-linux-x86_64-debian-gcc 1.0-5 34.46 91.45 125.91 OK
r-devel-linux-x86_64-fedora-clang 1.0-5 217.84 OK
r-devel-linux-x86_64-fedora-gcc 1.0-5 214.79 OK
r-devel-windows-x86_64 1.0-5 103.00 170.00 273.00 OK
r-patched-linux-x86_64 1.0-5 38.83 99.64 138.47 OK
r-release-linux-x86_64 1.0-5 34.78 97.26 132.04 OK
r-release-macos-arm64 1.0-5 69.00 NOTE
r-release-macos-x86_64 1.0-5 82.00 NOTE
r-release-windows-x86_64 1.0-5 57.00 148.00 205.00 OK
r-oldrel-macos-arm64 1.0-5 48.00 NOTE
r-oldrel-macos-x86_64 1.0-5 50.00 NOTE
r-oldrel-windows-ix86+x86_64 1.0-5 109.00 159.00 268.00 OK

Check Details

Version: 1.0-5
Check: package dependencies
Result: NOTE
    Package suggested but not available for checking: ‘webshot2’
Flavors: r-release-macos-arm64, r-release-macos-x86_64, r-oldrel-macos-arm64, r-oldrel-macos-x86_64