CRAN Package Check Results for Package bcdata

Last updated on 2020-04-09 20:49:20 CEST.

Flavor Version Tinstall Tcheck Ttotal Status Flags
r-devel-linux-x86_64-debian-clang 0.1.2 8.99 68.00 76.99 OK
r-devel-linux-x86_64-debian-gcc 0.1.2 6.69 52.22 58.91 OK
r-devel-linux-x86_64-fedora-clang 0.1.2 94.93 OK
r-devel-linux-x86_64-fedora-gcc 0.1.2 94.12 OK
r-devel-windows-ix86+x86_64 0.1.2 19.00 84.00 103.00 OK
r-devel-windows-ix86+x86_64-gcc8 0.1.2 19.00 80.00 99.00 OK
r-patched-linux-x86_64 0.1.2 7.47 65.62 73.09 OK
r-patched-osx-x86_64 0.1.2 WARN
r-patched-solaris-x86 0.1.2 135.10 OK
r-release-linux-x86_64 0.1.2 7.12 60.31 67.43 OK
r-release-windows-ix86+x86_64 0.1.2 24.00 107.00 131.00 OK
r-release-osx-x86_64 0.1.2 OK
r-oldrel-windows-ix86+x86_64 0.1.2 18.00 114.00 132.00 OK
r-oldrel-osx-x86_64 0.1.2 OK

Check Details

Version: 0.1.2
Check: re-building of vignette outputs
Result: WARN
    Error(s) in re-building vignettes:
    --- re-building ‘bcdata.Rmd’ using rmarkdown
    dyld: lazy symbol binding failed: Symbol not found: ____chkstk_darwin
     Referenced from: /usr/local/bin/pandoc (which was built for Mac OS X 10.15)
     Expected in: /usr/lib/libSystem.B.dylib
    
    dyld: Symbol not found: ____chkstk_darwin
     Referenced from: /usr/local/bin/pandoc (which was built for Mac OS X 10.15)
     Expected in: /usr/lib/libSystem.B.dylib
    
    Error: processing vignette 'bcdata.Rmd' failed with diagnostics:
    pandoc document conversion failed with error 6
    --- failed re-building ‘bcdata.Rmd’
    
    --- re-building ‘efficiently-query-spatial-data-in-the-bc-data-catalogue.Rmd’ using rmarkdown
    dyld: lazy symbol binding failed: Symbol not found: ____chkstk_darwin
     Referenced from: /usr/local/bin/pandoc (which was built for Mac OS X 10.15)
     Expected in: /usr/lib/libSystem.B.dylib
    
    dyld: Symbol not found: ____chkstk_darwin
     Referenced from: /usr/local/bin/pandoc (which was built for Mac OS X 10.15)
     Expected in: /usr/lib/libSystem.B.dylib
    
    Error: processing vignette 'efficiently-query-spatial-data-in-the-bc-data-catalogue.Rmd' failed with diagnostics:
    pandoc document conversion failed with error 6
    --- failed re-building ‘efficiently-query-spatial-data-in-the-bc-data-catalogue.Rmd’
    
    SUMMARY: processing the following files failed:
     ‘bcdata.Rmd’
     ‘efficiently-query-spatial-data-in-the-bc-data-catalogue.Rmd’
    
    Error: Vignette re-building failed.
    Execution halted
Flavor: r-patched-osx-x86_64