CRAN Package Check Results for Package bcdata

Last updated on 2024-06-13 20:49:01 CEST.

Flavor Version Tinstall Tcheck Ttotal Status Flags
r-devel-linux-x86_64-debian-clang 0.4.1 13.11 114.95 128.06 OK
r-devel-linux-x86_64-debian-gcc 0.4.1 0.70 1.76 2.46 ERROR
r-devel-linux-x86_64-fedora-clang 0.4.1 158.29 OK
r-devel-linux-x86_64-fedora-gcc 0.4.1 156.99 OK
r-devel-windows-x86_64 0.4.1 11.00 105.00 116.00 OK
r-patched-linux-x86_64 0.4.1 10.62 108.93 119.55 OK
r-release-linux-x86_64 0.4.1 9.21 110.21 119.42 OK
r-release-macos-arm64 0.4.1 80.00 OK
r-release-macos-x86_64 0.4.1 117.00 OK
r-release-windows-x86_64 0.4.1 13.00 121.00 134.00 OK
r-oldrel-macos-arm64 0.4.1 85.00 OK
r-oldrel-macos-x86_64 0.4.1 115.00 OK
r-oldrel-windows-x86_64 0.4.1 13.00 124.00 137.00 OK

Check Details

Version: 0.4.1
Check: package dependencies
Result: ERROR Packages required but not available: 'dbplyr', 'dplyr', 'tibble', 'leaflet.extras', 'purrr', 'readr', 'readxl', 'tidyselect' Packages suggested but not available for checking: 'ggplot2', 'testthat' See section ‘The DESCRIPTION file’ in the ‘Writing R Extensions’ manual. Flavor: r-devel-linux-x86_64-debian-gcc