CRAN Package Check Results for Package bcv

Last updated on 2019-06-16 20:46:54 CEST.

Flavor Version Tinstall Tcheck Ttotal Status Flags
r-devel-linux-x86_64-debian-clang 1.0.1 4.50 40.17 44.67 NOTE
r-devel-linux-x86_64-debian-gcc 1.0.1 3.07 30.86 33.93 NOTE
r-devel-linux-x86_64-fedora-clang 1.0.1 53.47 NOTE
r-devel-linux-x86_64-fedora-gcc 1.0.1 52.01 NOTE
r-devel-windows-ix86+x86_64 1.0.1 18.00 78.00 96.00 NOTE
r-patched-linux-x86_64 1.0.1 3.44 39.81 43.25 NOTE
r-patched-solaris-x86 1.0.1 86.10 NOTE
r-release-linux-x86_64 1.0.1 3.79 39.90 43.69 NOTE
r-release-windows-ix86+x86_64 1.0.1 19.00 99.00 118.00 NOTE
r-release-osx-x86_64 1.0.1 NOTE
r-oldrel-windows-ix86+x86_64 1.0.1 16.00 69.00 85.00 NOTE
r-oldrel-osx-x86_64 1.0.1 NOTE

Check Details

Version: 1.0.1
Check: R code for possible problems
Result: NOTE
    plot.cvsvd: no visible binding for global variable 'sd'
    plot.cvsvd: no visible global function definition for 'plot'
    plot.cvsvd: no visible global function definition for 'lines'
    plot.cvsvd: no visible global function definition for 'segments'
    plot.cvsvd: no visible global function definition for 'points'
    print.cvsvd: no visible binding for global variable 'sd'
    summary.cvsvd: no visible binding for global variable 'sd'
    Undefined global functions or variables:
     lines plot points sd segments
    Consider adding
     importFrom("graphics", "lines", "plot", "points", "segments")
     importFrom("stats", "sd")
    to your NAMESPACE file.
Flavors: r-devel-linux-x86_64-debian-clang, r-devel-linux-x86_64-debian-gcc, r-devel-linux-x86_64-fedora-clang, r-devel-linux-x86_64-fedora-gcc, r-devel-windows-ix86+x86_64, r-patched-linux-x86_64, r-patched-solaris-x86, r-release-linux-x86_64, r-release-windows-ix86+x86_64, r-release-osx-x86_64, r-oldrel-windows-ix86+x86_64, r-oldrel-osx-x86_64

Version: 1.0.1
Check: compiled code
Result: NOTE
    File ‘bcv/libs/bcv.so’:
     Found no call to: ‘R_useDynamicSymbols’
    
    It is good practice to register native routines and to disable symbol
    search.
    
    See ‘Writing portable packages’ in the ‘Writing R Extensions’ manual.
Flavors: r-devel-linux-x86_64-fedora-clang, r-devel-linux-x86_64-fedora-gcc