CRAN Package Check Results for Package bdchecks

Last updated on 2019-06-25 09:50:36 CEST.

Flavor Version Tinstall Tcheck Ttotal Status Flags
r-devel-linux-x86_64-debian-clang 0.1.7 10.20 96.45 106.65 OK
r-devel-linux-x86_64-debian-gcc 0.1.7 9.49 74.13 83.62 OK
r-devel-linux-x86_64-fedora-clang 0.1.7 105.46 NOTE
r-devel-linux-x86_64-fedora-gcc 0.1.7 98.06 NOTE
r-devel-windows-ix86+x86_64 0.1.7 47.00 118.00 165.00 OK
r-patched-linux-x86_64 0.1.7 9.90 93.88 103.78 OK
r-patched-solaris-x86 0.1.7 174.20 NOTE
r-release-linux-x86_64 0.1.7 11.23 93.94 105.17 OK
r-release-windows-ix86+x86_64 0.1.7 21.00 195.00 216.00 OK
r-release-osx-x86_64 0.1.7 NOTE
r-oldrel-windows-ix86+x86_64 0.1.7 16.00 101.00 117.00 OK
r-oldrel-osx-x86_64 0.1.7 NOTE

Check Details

Version: 0.1.7
Check: data for non-ASCII characters
Result: NOTE
     Note: found 72 marked UTF-8 strings
Flavors: r-devel-linux-x86_64-fedora-clang, r-devel-linux-x86_64-fedora-gcc, r-patched-solaris-x86, r-release-osx-x86_64, r-oldrel-osx-x86_64