Last updated on 2023-09-26 08:04:06 CEST.
Flavor | Version | Tinstall | Tcheck | Ttotal | Status | Flags |
---|---|---|---|---|---|---|
r-devel-linux-x86_64-debian-clang | 3.0.3 | 28.27 | 85.05 | 113.32 | OK | |
r-devel-linux-x86_64-debian-gcc | 3.0.3 | 24.21 | 64.21 | 88.42 | OK | |
r-devel-linux-x86_64-fedora-clang | 3.0.3 | 146.35 | NOTE | |||
r-devel-linux-x86_64-fedora-gcc | 3.0.3 | 154.50 | NOTE | |||
r-devel-windows-x86_64 | 3.0.3 | 23.00 | 97.00 | 120.00 | OK | |
r-patched-linux-x86_64 | 3.0.3 | 31.73 | 82.28 | 114.01 | OK | |
r-release-linux-x86_64 | 3.0.3 | 26.19 | 81.84 | 108.03 | OK | |
r-release-macos-arm64 | 3.0.3 | 50.00 | OK | |||
r-release-macos-x86_64 | 3.0.3 | 82.00 | OK | |||
r-release-windows-x86_64 | 3.0.3 | 23.00 | 110.00 | 133.00 | OK | |
r-oldrel-macos-arm64 | 3.0.3 | 43.00 | OK | |||
r-oldrel-macos-x86_64 | 3.0.3 | 55.00 | NOTE | |||
r-oldrel-windows-x86_64 | 3.0.3 | 35.00 | 98.00 | 133.00 | OK |
Version: 3.0.3
Check: data for non-ASCII characters
Result: NOTE
Note: found 2666 marked UTF-8 strings
Flavors: r-devel-linux-x86_64-fedora-clang, r-devel-linux-x86_64-fedora-gcc, r-oldrel-macos-x86_64