CRAN Package Check Results for Package bdpopt

Last updated on 2023-02-07 02:56:44 CET.

Flavor Version Tinstall Tcheck Ttotal Status Flags
r-devel-linux-x86_64-debian-clang 1.0-1 4.69 33.67 38.36 NOTE
r-devel-linux-x86_64-debian-gcc 1.0-1 3.09 26.46 29.55 NOTE
r-devel-linux-x86_64-fedora-clang 1.0-1 49.53 NOTE
r-devel-linux-x86_64-fedora-gcc 1.0-1 58.91 NOTE
r-devel-windows-x86_64 1.0-1 25.00 77.00 102.00 NOTE
r-patched-linux-x86_64 1.0-1 3.39 33.44 36.83 NOTE
r-release-linux-x86_64 1.0-1 3.42 33.59 37.01 NOTE
r-release-macos-arm64 1.0-1 20.00 NOTE
r-release-macos-x86_64 1.0-1 31.00 NOTE
r-release-windows-x86_64 1.0-1 31.00 84.00 115.00 NOTE
r-oldrel-macos-arm64 1.0-1 19.00 NOTE
r-oldrel-macos-x86_64 1.0-1 34.00 NOTE
r-oldrel-windows-ix86+x86_64 1.0-1 7.00 57.00 64.00 NOTE

Check Details

Version: 1.0-1
Check: LazyData
Result: NOTE
     'LazyData' is specified without a 'data' directory
Flavors: r-devel-linux-x86_64-debian-clang, r-devel-linux-x86_64-debian-gcc, r-devel-linux-x86_64-fedora-clang, r-devel-linux-x86_64-fedora-gcc, r-devel-windows-x86_64, r-patched-linux-x86_64, r-release-linux-x86_64, r-release-macos-arm64, r-release-macos-x86_64, r-release-windows-x86_64, r-oldrel-macos-arm64, r-oldrel-macos-x86_64, r-oldrel-windows-ix86+x86_64