Last updated on 2025-01-18 12:54:23 CET.
Flavor | Version | Tinstall | Tcheck | Ttotal | Status | Flags |
---|---|---|---|---|---|---|
r-devel-linux-x86_64-debian-clang | 1.1.0 | 8.51 | 136.26 | 144.77 | NOTE | |
r-devel-linux-x86_64-debian-gcc | 1.1.0 | 6.30 | 95.08 | 101.38 | NOTE | |
r-devel-linux-x86_64-fedora-clang | 1.1.0 | 234.10 | NOTE | |||
r-devel-linux-x86_64-fedora-gcc | 1.1.0 | 242.49 | NOTE | |||
r-devel-windows-x86_64 | 1.1.0 | 11.00 | 402.00 | 413.00 | NOTE | |
r-patched-linux-x86_64 | 1.1.0 | 10.38 | 127.60 | 137.98 | NOTE | |
r-release-linux-x86_64 | 1.1.0 | 7.64 | 128.15 | 135.79 | NOTE | |
r-release-macos-arm64 | 1.1.0 | 219.00 | NOTE | |||
r-release-macos-x86_64 | 1.1.0 | 367.00 | NOTE | |||
r-release-windows-x86_64 | 1.1.0 | 11.00 | 405.00 | 416.00 | NOTE | |
r-oldrel-macos-arm64 | 1.1.0 | 232.00 | OK | |||
r-oldrel-macos-x86_64 | 1.1.0 | 390.00 | OK | |||
r-oldrel-windows-x86_64 | 1.1.0 | 12.00 | 529.00 | 541.00 | OK |
Version: 1.1.0
Check: Rd files
Result: NOTE
checkRd: (-1) autoplot.plm0.Rd:61: Lost braces in \itemize; meant \describe ?
checkRd: (-1) autoplot.plm0.Rd:62: Lost braces in \itemize; meant \describe ?
checkRd: (-1) autoplot.plm0.Rd:63: Lost braces in \itemize; meant \describe ?
checkRd: (-1) autoplot.plm0.Rd:64: Lost braces in \itemize; meant \describe ?
checkRd: (-1) autoplot.plm0.Rd:65: Lost braces in \itemize; meant \describe ?
checkRd: (-1) autoplot.plm0.Rd:66: Lost braces in \itemize; meant \describe ?
checkRd: (-1) autoplot.plm0.Rd:67: Lost braces in \itemize; meant \describe ?
checkRd: (-1) autoplot.plm0.Rd:68: Lost braces in \itemize; meant \describe ?
checkRd: (-1) autoplot.tournament.Rd:16: Lost braces in \itemize; meant \describe ?
checkRd: (-1) get_report.Rd:31: Lost braces in \itemize; meant \describe ?
checkRd: (-1) get_report.Rd:32: Lost braces in \itemize; meant \describe ?
checkRd: (-1) get_report_pages.Rd:29: Lost braces in \itemize; meant \describe ?
checkRd: (-1) get_report_pages.Rd:30: Lost braces in \itemize; meant \describe ?
checkRd: (-1) plot.plm0.Rd:61: Lost braces in \itemize; meant \describe ?
checkRd: (-1) plot.plm0.Rd:62: Lost braces in \itemize; meant \describe ?
checkRd: (-1) plot.plm0.Rd:63: Lost braces in \itemize; meant \describe ?
checkRd: (-1) plot.plm0.Rd:64: Lost braces in \itemize; meant \describe ?
checkRd: (-1) plot.plm0.Rd:65: Lost braces in \itemize; meant \describe ?
checkRd: (-1) plot.plm0.Rd:66: Lost braces in \itemize; meant \describe ?
checkRd: (-1) plot.plm0.Rd:67: Lost braces in \itemize; meant \describe ?
checkRd: (-1) plot.plm0.Rd:68: Lost braces in \itemize; meant \describe ?
checkRd: (-1) plot.plm0.Rd:69: Lost braces in \itemize; meant \describe ?
checkRd: (-1) plot.tournament.Rd:16: Lost braces in \itemize; meant \describe ?
checkRd: (-1) plot.tournament.Rd:17: Lost braces in \itemize; meant \describe ?
checkRd: (-1) plot.tournament.Rd:18: Lost braces in \itemize; meant \describe ?
checkRd: (-1) plot.tournament.Rd:19: Lost braces in \itemize; meant \describe ?
checkRd: (-1) plot.tournament.Rd:20: Lost braces in \itemize; meant \describe ?
checkRd: (-1) plot.tournament.Rd:21: Lost braces in \itemize; meant \describe ?
checkRd: (-1) plot.tournament.Rd:22: Lost braces in \itemize; meant \describe ?
checkRd: (-1) plot_fun.Rd:23: Lost braces in \itemize; meant \describe ?
checkRd: (-1) plot_fun.Rd:24: Lost braces in \itemize; meant \describe ?
checkRd: (-1) plot_fun.Rd:25: Lost braces in \itemize; meant \describe ?
checkRd: (-1) plot_fun.Rd:26: Lost braces in \itemize; meant \describe ?
checkRd: (-1) plot_fun.Rd:27: Lost braces in \itemize; meant \describe ?
checkRd: (-1) plot_fun.Rd:28: Lost braces in \itemize; meant \describe ?
checkRd: (-1) plot_fun.Rd:29: Lost braces in \itemize; meant \describe ?
checkRd: (-1) plot_fun.Rd:30: Lost braces in \itemize; meant \describe ?
checkRd: (-1) plot_fun.Rd:31: Lost braces in \itemize; meant \describe ?
Flavors: r-devel-linux-x86_64-debian-clang, r-devel-linux-x86_64-debian-gcc, r-devel-linux-x86_64-fedora-clang, r-devel-linux-x86_64-fedora-gcc, r-devel-windows-x86_64, r-patched-linux-x86_64, r-release-linux-x86_64, r-release-macos-arm64, r-release-macos-x86_64, r-release-windows-x86_64