CRAN Package Check Results for Package bdribs

Last updated on 2020-09-24 23:47:45 CEST.

Flavor Version Tinstall Tcheck Ttotal Status Flags
r-devel-linux-x86_64-debian-clang 1.0.4 2.32 25.70 28.02 NOTE
r-devel-linux-x86_64-debian-gcc 1.0.4 2.08 20.85 22.93 NOTE
r-devel-linux-x86_64-fedora-clang 1.0.4 43.37 NOTE
r-devel-linux-x86_64-fedora-gcc 1.0.4 34.01 NOTE
r-devel-windows-ix86+x86_64 1.0.4 7.00 38.00 45.00 OK
r-patched-linux-x86_64 1.0.4 2.24 24.94 27.18 NOTE
r-patched-solaris-x86 1.0.4 64.00 NOTE
r-release-linux-x86_64 1.0.4 2.64 25.21 27.85 NOTE
r-release-macos-x86_64 1.0.4 OK
r-release-windows-ix86+x86_64 1.0.4 5.00 42.00 47.00 OK
r-oldrel-macos-x86_64 1.0.4 OK
r-oldrel-windows-ix86+x86_64 1.0.4 4.00 43.00 47.00 OK

Check Details

Version: 1.0.4
Check: for non-standard things in the check directory
Result: NOTE
    Found the following files/directories:
     'dump.txt'
Flavors: r-devel-linux-x86_64-debian-clang, r-devel-linux-x86_64-debian-gcc, r-devel-linux-x86_64-fedora-clang, r-devel-linux-x86_64-fedora-gcc, r-patched-linux-x86_64, r-patched-solaris-x86, r-release-linux-x86_64