Last updated on 2023-02-06 19:54:16 CET.
Flavor | Version | Tinstall | Tcheck | Ttotal | Status | Flags |
---|---|---|---|---|---|---|
r-devel-linux-x86_64-debian-clang | 1.0.6 | 8.72 | 68.78 | 77.50 | OK | |
r-devel-linux-x86_64-debian-gcc | 1.0.6 | 6.28 | 49.55 | 55.83 | OK | |
r-devel-linux-x86_64-fedora-clang | 1.0.6 | 100.78 | NOTE | |||
r-devel-linux-x86_64-fedora-gcc | 1.0.6 | 89.29 | NOTE | |||
r-devel-windows-x86_64 | 1.0.6 | 15.00 | 95.00 | 110.00 | OK | |
r-patched-linux-x86_64 | 1.0.6 | 9.56 | 65.15 | 74.71 | OK | |
r-release-linux-x86_64 | 1.0.6 | 8.04 | 66.22 | 74.26 | OK | |
r-release-macos-arm64 | 1.0.6 | 30.00 | NOTE | |||
r-release-macos-x86_64 | 1.0.6 | 58.00 | NOTE | |||
r-release-windows-x86_64 | 1.0.6 | 22.00 | 107.00 | 129.00 | OK | |
r-oldrel-macos-arm64 | 1.0.6 | 34.00 | NOTE | |||
r-oldrel-macos-x86_64 | 1.0.6 | 57.00 | NOTE | |||
r-oldrel-windows-ix86+x86_64 | 1.0.6 | 22.00 | 94.00 | 116.00 | OK |
Version: 1.0.6
Check: package dependencies
Result: NOTE
Imports includes 22 non-default packages.
Importing from so many packages makes the package vulnerable to any of
them becoming unavailable. Move as many as possible to Suggests and
use conditionally.
Flavor: r-devel-linux-x86_64-fedora-clang
Version: 1.0.6
Check: dependencies in R code
Result: NOTE
Namespaces in Imports field not imported from:
‘Rcpp’ ‘chron’ ‘colorspace’ ‘gtable’ ‘htmltools’ ‘htmlwidgets’
‘httpuv’ ‘magrittr’ ‘munsell’ ‘plyr’ ‘scales’ ‘stringi’ ‘xtable’
‘yaml’
All declared Imports should be used.
Flavors: r-devel-linux-x86_64-fedora-clang, r-devel-linux-x86_64-fedora-gcc, r-release-macos-arm64, r-release-macos-x86_64, r-oldrel-macos-arm64, r-oldrel-macos-x86_64