CRAN Package Check Results for Package beast

Last updated on 2020-09-18 19:48:58 CEST.

Flavor Version Tinstall Tcheck Ttotal Status Flags
r-devel-linux-x86_64-debian-clang 1.1 3.18 32.21 35.39 NOTE
r-devel-linux-x86_64-debian-gcc 1.1 2.68 23.85 26.53 NOTE
r-devel-linux-x86_64-fedora-clang 1.1 52.29 NOTE
r-devel-linux-x86_64-fedora-gcc 1.1 41.98 NOTE
r-devel-windows-ix86+x86_64 1.1 6.00 47.00 53.00 OK
r-patched-linux-x86_64 1.1 3.03 31.31 34.34 NOTE
r-patched-solaris-x86 1.1 64.60 NOTE
r-release-linux-x86_64 1.1 3.34 31.05 34.39 NOTE
r-release-macos-x86_64 1.1 OK
r-release-windows-ix86+x86_64 1.1 7.00 40.00 47.00 OK
r-oldrel-macos-x86_64 1.1 OK
r-oldrel-windows-ix86+x86_64 1.1 6.00 64.00 70.00 OK

Check Details

Version: 1.1
Check: for non-standard things in the check directory
Result: NOTE
    Found the following files/directories:
     'beast_plot_toy.pdf'
Flavors: r-devel-linux-x86_64-debian-clang, r-devel-linux-x86_64-debian-gcc, r-devel-linux-x86_64-fedora-clang, r-devel-linux-x86_64-fedora-gcc, r-patched-linux-x86_64, r-patched-solaris-x86, r-release-linux-x86_64