CRAN Package Check Results for Package beast

Last updated on 2021-04-16 13:50:13 CEST.

Flavor Version Tinstall Tcheck Ttotal Status Flags
r-devel-linux-x86_64-debian-clang 1.1 3.78 35.22 39.00 NOTE
r-devel-linux-x86_64-debian-gcc 1.1 2.78 26.21 28.99 NOTE
r-devel-linux-x86_64-fedora-clang 1.1 55.27 NOTE
r-devel-linux-x86_64-fedora-gcc 1.1 44.39 NOTE
r-devel-windows-ix86+x86_64 1.1 6.00 52.00 58.00 OK
r-devel-windows-x86_64-gcc10-UCRT 1.1 OK
r-patched-linux-x86_64 1.1 3.68 32.91 36.59 NOTE
r-patched-solaris-x86 1.1 67.50 NOTE
r-release-linux-x86_64 1.1 2.95 33.32 36.27 NOTE
r-release-macos-x86_64 1.1 OK
r-release-windows-ix86+x86_64 1.1 6.00 47.00 53.00 OK
r-oldrel-macos-x86_64 1.1 OK
r-oldrel-windows-ix86+x86_64 1.1 6.00 64.00 70.00 OK

Check Details

Version: 1.1
Check: for non-standard things in the check directory
Result: NOTE
    Found the following files/directories:
     'beast_plot_toy.pdf'
Flavors: r-devel-linux-x86_64-debian-clang, r-devel-linux-x86_64-debian-gcc, r-devel-linux-x86_64-fedora-clang, r-devel-linux-x86_64-fedora-gcc, r-patched-linux-x86_64, r-patched-solaris-x86, r-release-linux-x86_64