CRAN Package Check Results for Package beats

Last updated on 2020-12-05 07:49:08 CET.

Flavor Version Tinstall Tcheck Ttotal Status Flags
r-devel-linux-x86_64-debian-clang 0.1.1 6.53 39.83 46.36 OK
r-devel-linux-x86_64-debian-gcc 0.1.1 5.44 33.57 39.01 OK
r-devel-linux-x86_64-fedora-clang 0.1.1 63.32 OK
r-devel-linux-x86_64-fedora-gcc 0.1.1 52.25 OK
r-devel-windows-ix86+x86_64 0.1.1 12.00 56.00 68.00 OK
r-patched-linux-x86_64 0.1.1 6.54 39.18 45.72 OK
r-patched-solaris-x86 0.1.1 84.90 NOTE
r-release-linux-x86_64 0.1.1 6.12 39.49 45.61 OK
r-release-macos-x86_64 0.1.1 OK
r-release-windows-ix86+x86_64 0.1.1 9.00 44.00 53.00 OK
r-oldrel-macos-x86_64 0.1.1 OK
r-oldrel-windows-ix86+x86_64 0.1.1 10.00 57.00 67.00 OK

Check Details

Version: 0.1.1
Check: package dependencies
Result: NOTE
    Package suggested but not available for checking: ‘gifski’
Flavor: r-patched-solaris-x86