CRAN Package Check Results for Package bench

Last updated on 2021-06-22 17:49:43 CEST.

Flavor Version Tinstall Tcheck Ttotal Status Flags
r-devel-linux-x86_64-debian-clang 1.1.1 4.42 43.02 47.44 NOTE
r-devel-linux-x86_64-debian-gcc 1.1.1 3.32 32.65 35.97 NOTE
r-devel-linux-x86_64-fedora-clang 1.1.1 64.68 NOTE
r-devel-linux-x86_64-fedora-gcc 1.1.1 55.47 NOTE
r-devel-windows-x86_64 1.1.1 11.00 60.00 71.00 NOTE
r-devel-windows-x86_64-gcc10-UCRT 1.1.1 NOTE
r-patched-linux-x86_64 1.1.1 7.41 41.52 48.93 NOTE
r-patched-solaris-x86 1.1.1 75.50 NOTE
r-release-linux-x86_64 1.1.1 3.87 41.39 45.26 NOTE
r-release-macos-arm64 1.1.1 NOTE
r-release-macos-x86_64 1.1.1 NOTE
r-release-windows-ix86+x86_64 1.1.1 14.00 70.00 84.00 NOTE
r-oldrel-macos-x86_64 1.1.1 OK

Check Details

Version: 1.1.1
Check: LazyData
Result: NOTE
     'LazyData' is specified without a 'data' directory
Flavors: r-devel-linux-x86_64-debian-clang, r-devel-linux-x86_64-debian-gcc, r-devel-linux-x86_64-fedora-clang, r-devel-linux-x86_64-fedora-gcc, r-devel-windows-x86_64, r-devel-windows-x86_64-gcc10-UCRT, r-patched-linux-x86_64, r-patched-solaris-x86, r-release-linux-x86_64, r-release-macos-arm64, r-release-macos-x86_64, r-release-windows-ix86+x86_64

Version: 1.1.1
Check: package dependencies
Result: NOTE
    Package suggested but not available for checking: 'covr'
Flavor: r-devel-windows-x86_64-gcc10-UCRT