CRAN Package Check Results for Package bench

Last updated on 2023-02-04 21:55:24 CET.

Flavor Version Tinstall Tcheck Ttotal Status Flags
r-devel-linux-x86_64-debian-clang 1.1.2 4.80 44.56 49.36 WARN
r-devel-linux-x86_64-debian-gcc 1.1.2 3.36 33.61 36.97 WARN
r-devel-linux-x86_64-fedora-clang 1.1.2 59.96 WARN
r-devel-linux-x86_64-fedora-gcc 1.1.2 59.35 WARN
r-devel-windows-x86_64 1.1.2 42.00 83.00 125.00 OK
r-patched-linux-x86_64 1.1.2 8.45 43.26 51.71 OK
r-release-linux-x86_64 1.1.2 5.05 44.18 49.23 OK
r-release-macos-arm64 1.1.2 26.00 OK
r-release-macos-x86_64 1.1.2 37.00 OK
r-release-windows-x86_64 1.1.2 35.00 84.00 119.00 OK
r-oldrel-macos-arm64 1.1.2 117.00 OK
r-oldrel-macos-x86_64 1.1.2 39.00 OK
r-oldrel-windows-ix86+x86_64 1.1.2 18.00 107.00 125.00 OK

Check Details

Version: 1.1.2
Check: whether package can be installed
Result: WARN
    Found the following significant warnings:
     load.c:11:25: warning: a function declaration without a prototype is deprecated in all versions of C [-Wstrict-prototypes]
     ./nanotime.h:6:22: warning: a function declaration without a prototype is deprecated in all versions of C [-Wstrict-prototypes]
     ./nanotime.h:7:29: warning: a function declaration without a prototype is deprecated in all versions of C [-Wstrict-prototypes]
     mark.c:75:17: warning: a function declaration without a prototype is deprecated in all versions of C [-Wstrict-prototypes]
     mark.c:118:34: warning: a function declaration without a prototype is deprecated in all versions of C [-Wstrict-prototypes]
     mark.c:119:32: warning: a function declaration without a prototype is deprecated in all versions of C [-Wstrict-prototypes]
     nanotime.c:61:22: warning: a function declaration without a prototype is deprecated in all versions of C [-Wstrict-prototypes]
     nanotime.c:71:29: warning: a function declaration without a prototype is deprecated in all versions of C [-Wstrict-prototypes]
     process_memory.c:79:27: warning: a function declaration without a prototype is deprecated in all versions of C [-Wstrict-prototypes]
    See ‘/home/hornik/tmp/R.check/r-devel-clang/Work/PKGS/bench.Rcheck/00install.out’ for details.
    * used C compiler: ‘Debian clang version 15.0.6’
Flavor: r-devel-linux-x86_64-debian-clang

Version: 1.1.2
Check: whether package can be installed
Result: WARN
    Found the following significant warnings:
     load.c:11:6: warning: function declaration isn’t a prototype [-Wstrict-prototypes]
     nanotime.h:6:1: warning: function declaration isn’t a prototype [-Wstrict-prototypes]
     nanotime.h:7:1: warning: function declaration isn’t a prototype [-Wstrict-prototypes]
     mark.c:75:6: warning: function declaration isn’t a prototype [-Wstrict-prototypes]
     mark.c:118:1: warning: function declaration isn’t a prototype [-Wstrict-prototypes]
     mark.c:119:1: warning: function declaration isn’t a prototype [-Wstrict-prototypes]
     nanotime.c:61:13: warning: function declaration isn’t a prototype [-Wstrict-prototypes]
     nanotime.c:71:13: warning: function declaration isn’t a prototype [-Wstrict-prototypes]
     process_memory.c:79:6: warning: function declaration isn’t a prototype [-Wstrict-prototypes]
    See ‘/home/hornik/tmp/R.check/r-devel-gcc/Work/PKGS/bench.Rcheck/00install.out’ for details.
    * used C compiler: ‘gcc-12 (Debian 12.2.0-14) 12.2.0’
Flavor: r-devel-linux-x86_64-debian-gcc

Version: 1.1.2
Check: whether package can be installed
Result: WARN
    Found the following significant warnings:
     load.c:11:25: warning: a function declaration without a prototype is deprecated in all versions of C [-Wstrict-prototypes]
     ./nanotime.h:6:22: warning: a function declaration without a prototype is deprecated in all versions of C [-Wstrict-prototypes]
     ./nanotime.h:7:29: warning: a function declaration without a prototype is deprecated in all versions of C [-Wstrict-prototypes]
     mark.c:75:17: warning: a function declaration without a prototype is deprecated in all versions of C [-Wstrict-prototypes]
     mark.c:118:34: warning: a function declaration without a prototype is deprecated in all versions of C [-Wstrict-prototypes]
     mark.c:119:32: warning: a function declaration without a prototype is deprecated in all versions of C [-Wstrict-prototypes]
     nanotime.c:61:22: warning: a function declaration without a prototype is deprecated in all versions of C [-Wstrict-prototypes]
     nanotime.c:71:29: warning: a function declaration without a prototype is deprecated in all versions of C [-Wstrict-prototypes]
     process_memory.c:79:27: warning: a function declaration without a prototype is deprecated in all versions of C [-Wstrict-prototypes]
    See ‘/data/gannet/ripley/R/packages/tests-clang/bench.Rcheck/00install.out’ for details.
    * used C compiler: ‘clang version 15.0.7’
Flavor: r-devel-linux-x86_64-fedora-clang

Version: 1.1.2
Check: whether package can be installed
Result: WARN
    Found the following significant warnings:
     load.c:11:6: warning: function declaration isn’t a prototype [-Wstrict-prototypes]
     nanotime.h:6:1: warning: function declaration isn’t a prototype [-Wstrict-prototypes]
     nanotime.h:7:1: warning: function declaration isn’t a prototype [-Wstrict-prototypes]
     mark.c:75:6: warning: function declaration isn’t a prototype [-Wstrict-prototypes]
     mark.c:118:1: warning: function declaration isn’t a prototype [-Wstrict-prototypes]
     mark.c:119:1: warning: function declaration isn’t a prototype [-Wstrict-prototypes]
     nanotime.c:61:13: warning: function declaration isn’t a prototype [-Wstrict-prototypes]
     nanotime.c:71:13: warning: function declaration isn’t a prototype [-Wstrict-prototypes]
     process_memory.c:79:6: warning: function declaration isn’t a prototype [-Wstrict-prototypes]
    See ‘/data/gannet/ripley/R/packages/tests-devel/bench.Rcheck/00install.out’ for details.
    * used C compiler: ‘gcc (GCC) 12.2.1 20221121 (Red Hat 12.2.1-4)’
Flavor: r-devel-linux-x86_64-fedora-gcc