CRAN Package Check Results for Package benchmarkme

Last updated on 2021-09-19 09:50:02 CEST.

Flavor Version Tinstall Tcheck Ttotal Status Flags
r-devel-linux-x86_64-debian-clang 1.0.7 10.55 103.99 114.54 OK
r-devel-linux-x86_64-debian-gcc 1.0.7 8.35 80.26 88.61 OK
r-devel-linux-x86_64-fedora-clang 1.0.7 149.62 OK
r-devel-linux-x86_64-fedora-gcc 1.0.7 133.50 OK
r-devel-windows-x86_64 1.0.7 11.00 126.00 137.00 OK
r-devel-windows-x86_64-gcc10-UCRT 1.0.7 ERROR
r-patched-linux-x86_64 1.0.7 9.19 88.43 97.62 OK
r-patched-solaris-x86 1.0.7 177.90 OK
r-release-linux-x86_64 1.0.7 10.15 88.57 98.72 OK
r-release-macos-arm64 1.0.7 OK
r-release-macos-x86_64 1.0.7 OK
r-release-windows-ix86+x86_64 1.0.7 24.00 113.00 137.00 OK
r-oldrel-macos-x86_64 1.0.7 OK
r-oldrel-windows-ix86+x86_64 1.0.7 23.00 127.00 150.00 OK

Check Details

Version: 1.0.7
Check: whether package can be installed
Result: WARN
    Found the following significant warnings:
     WARNING: installation-time patches will not be applied, could not get the patches index
Flavor: r-devel-windows-x86_64-gcc10-UCRT

Version: 1.0.7
Check: PDF version of manual
Result: WARN
    LaTeX errors when creating PDF version.
    This typically indicates Rd problems.
Flavor: r-devel-windows-x86_64-gcc10-UCRT

Version: 1.0.7
Check: PDF version of manual without hyperrefs or index
Result: ERROR
    Re-running with no redirection of stdout/stderr.
Flavor: r-devel-windows-x86_64-gcc10-UCRT