Last updated on 2023-01-30 11:52:42 CET.
Flavor | Version | Tinstall | Tcheck | Ttotal | Status | Flags |
---|---|---|---|---|---|---|
r-devel-linux-x86_64-debian-clang | 0.2.5 | 26.22 | 39.99 | 66.21 | NOTE | |
r-devel-linux-x86_64-debian-gcc | 0.2.5 | 18.37 | 31.27 | 49.64 | NOTE | |
r-devel-linux-x86_64-fedora-clang | 0.2.5 | 97.47 | NOTE | |||
r-devel-linux-x86_64-fedora-gcc | 0.2.5 | 84.96 | NOTE | |||
r-devel-windows-x86_64 | 0.2.5 | 36.00 | 94.00 | 130.00 | NOTE | |
r-patched-linux-x86_64 | 0.2.5 | 21.05 | 39.81 | 60.86 | NOTE | |
r-release-linux-x86_64 | 0.2.5 | 23.07 | 39.14 | 62.21 | NOTE | |
r-release-macos-arm64 | 0.2.5 | 29.00 | NOTE | |||
r-release-macos-x86_64 | 0.2.5 | 49.00 | NOTE | |||
r-release-windows-x86_64 | 0.2.5 | 52.00 | 98.00 | 150.00 | NOTE | |
r-oldrel-macos-arm64 | 0.2.5 | 33.00 | NOTE | |||
r-oldrel-macos-x86_64 | 0.2.5 | 70.00 | NOTE | |||
r-oldrel-windows-ix86+x86_64 | 0.2.5 | 65.00 | 134.00 | 199.00 | NOTE |
Version: 0.2.5
Check: LazyData
Result: NOTE
'LazyData' is specified without a 'data' directory
Flavors: r-devel-linux-x86_64-debian-clang, r-devel-linux-x86_64-debian-gcc, r-devel-linux-x86_64-fedora-clang, r-devel-linux-x86_64-fedora-gcc, r-devel-windows-x86_64, r-patched-linux-x86_64, r-release-linux-x86_64, r-release-macos-arm64, r-release-macos-x86_64, r-release-windows-x86_64, r-oldrel-macos-arm64, r-oldrel-macos-x86_64, r-oldrel-windows-ix86+x86_64
Version: 0.2.5
Check: C++ specification
Result: NOTE
Specified C++11: please update to current default of C++17
Flavors: r-devel-linux-x86_64-debian-gcc, r-devel-linux-x86_64-fedora-clang, r-devel-linux-x86_64-fedora-gcc, r-devel-windows-x86_64