CRAN Package Check Results for Package berryFunctions

Last updated on 2021-09-19 08:50:02 CEST.

Flavor Version Tinstall Tcheck Ttotal Status Flags
r-devel-linux-x86_64-debian-clang 1.20.1 13.76 100.18 113.94 OK
r-devel-linux-x86_64-debian-gcc 1.20.1 9.47 75.39 84.86 OK
r-devel-linux-x86_64-fedora-clang 1.20.1 144.77 NOTE
r-devel-linux-x86_64-fedora-gcc 1.20.1 139.26 OK
r-devel-windows-x86_64 1.20.1 15.00 126.00 141.00 OK
r-devel-windows-x86_64-gcc10-UCRT 1.20.1 ERROR
r-patched-linux-x86_64 1.20.1 16.56 96.55 113.11 OK
r-patched-solaris-x86 1.20.1 154.50 OK
r-release-linux-x86_64 1.20.1 12.92 97.06 109.98 OK
r-release-macos-arm64 1.20.1 OK
r-release-macos-x86_64 1.20.1 OK
r-release-windows-ix86+x86_64 1.20.1 19.00 136.00 155.00 OK
r-oldrel-macos-x86_64 1.20.1 OK
r-oldrel-windows-ix86+x86_64 1.20.1 17.00 150.00 167.00 OK

Check Details

Version: 1.20.1
Check: Rd cross-references
Result: NOTE
    Undeclared package ‘zoo’ in Rd xrefs
Flavor: r-devel-linux-x86_64-fedora-clang

Version: 1.20.1
Check: whether package can be installed
Result: WARN
    Found the following significant warnings:
     WARNING: installation-time patches will not be applied, could not get the patches index
Flavor: r-devel-windows-x86_64-gcc10-UCRT

Version: 1.20.1
Check: PDF version of manual
Result: WARN
    LaTeX errors when creating PDF version.
    This typically indicates Rd problems.
Flavor: r-devel-windows-x86_64-gcc10-UCRT

Version: 1.20.1
Check: PDF version of manual without hyperrefs or index
Result: ERROR
    Re-running with no redirection of stdout/stderr.
Flavor: r-devel-windows-x86_64-gcc10-UCRT