CRAN Package Check Results for Package bestridge

Last updated on 2021-05-15 22:50:02 CEST.

Flavor Version Tinstall Tcheck Ttotal Status Flags
r-devel-linux-x86_64-debian-clang 1.0.5 349.47 85.24 434.71 OK
r-devel-linux-x86_64-debian-gcc 1.0.5 343.98 87.47 431.45 OK
r-devel-linux-x86_64-fedora-clang 1.0.5 630.94 NOTE
r-devel-linux-x86_64-fedora-gcc 1.0.5 733.83 OK
r-devel-windows-ix86+x86_64 1.0.5 972.00 195.00 1167.00 NOTE
r-devel-windows-x86_64-gcc10-UCRT 1.0.5 OK
r-patched-linux-x86_64 1.0.5 380.49 109.37 489.86 OK
r-patched-solaris-x86 1.0.5 736.40 OK
r-release-linux-x86_64 1.0.5 388.35 105.12 493.47 OK
r-release-macos-x86_64 1.0.5 NOTE
r-release-windows-ix86+x86_64 1.0.5 693.00 185.00 878.00 NOTE
r-oldrel-macos-x86_64 1.0.5 NOTE
r-oldrel-windows-ix86+x86_64 1.0.5 634.00 150.00 784.00 NOTE

Check Details

Version: 1.0.5
Check: installed package size
Result: NOTE
     installed size is 64.5Mb
     sub-directories of 1Mb or more:
     data 2.7Mb
     libs 61.2Mb
Flavors: r-devel-linux-x86_64-fedora-clang, r-devel-windows-ix86+x86_64, r-release-macos-x86_64, r-release-windows-ix86+x86_64, r-oldrel-macos-x86_64, r-oldrel-windows-ix86+x86_64