CRAN Package Check Results for Package betaBayes

Last updated on 2021-09-20 06:48:35 CEST.

Flavor Version Tinstall Tcheck Ttotal Status Flags
r-devel-linux-x86_64-debian-clang 1.0 86.67 33.63 120.30 OK
r-devel-linux-x86_64-debian-gcc 1.0 51.82 26.34 78.16 OK
r-devel-linux-x86_64-fedora-clang 1.0 161.01 NOTE
r-devel-linux-x86_64-fedora-gcc 1.0 142.51 NOTE
r-devel-windows-x86_64 1.0 71.00 46.00 117.00 OK
r-devel-windows-x86_64-gcc10-UCRT 1.0 ERROR
r-patched-linux-x86_64 1.0 66.79 33.00 99.79 OK
r-patched-solaris-x86 1.0 146.40 NOTE
r-release-linux-x86_64 1.0 60.45 33.13 93.58 OK
r-release-macos-arm64 1.0 NOTE
r-release-macos-x86_64 1.0 NOTE
r-release-windows-ix86+x86_64 1.0 175.00 86.00 261.00 OK
r-oldrel-macos-x86_64 1.0 NOTE
r-oldrel-windows-ix86+x86_64 1.0 167.00 66.00 233.00 OK

Check Details

Version: 1.0
Check: dependencies in R code
Result: NOTE
    Namespaces in Imports field not imported from:
     ‘coda’ ‘splines’
     All declared Imports should be used.
Flavors: r-devel-linux-x86_64-fedora-clang, r-devel-linux-x86_64-fedora-gcc, r-patched-solaris-x86, r-release-macos-arm64, r-release-macos-x86_64, r-oldrel-macos-x86_64

Version: 1.0
Check: whether package can be installed
Result: ERROR
    Installation failed.
Flavor: r-devel-windows-x86_64-gcc10-UCRT