CRAN Package Check Results for Package betacal

Last updated on 2021-04-13 14:47:24 CEST.

Flavor Version Tinstall Tcheck Ttotal Status Flags
r-devel-linux-x86_64-debian-clang 0.1.0 1.94 19.90 21.84 NOTE
r-devel-linux-x86_64-debian-gcc 0.1.0 1.49 15.95 17.44 NOTE
r-devel-linux-x86_64-fedora-clang 0.1.0 36.72 NOTE
r-devel-linux-x86_64-fedora-gcc 0.1.0 27.35 NOTE
r-devel-windows-ix86+x86_64 0.1.0 4.00 30.00 34.00 NOTE
r-devel-windows-x86_64-gcc10-UCRT 0.1.0 NOTE
r-patched-linux-x86_64 0.1.0 1.91 19.49 21.40 OK
r-patched-solaris-x86 0.1.0 43.60 OK
r-release-linux-x86_64 0.1.0 1.73 19.18 20.91 OK
r-release-macos-x86_64 0.1.0 OK
r-release-windows-ix86+x86_64 0.1.0 6.00 30.00 36.00 OK
r-oldrel-macos-x86_64 0.1.0 OK
r-oldrel-windows-ix86+x86_64 0.1.0 4.00 36.00 40.00 OK

Check Details

Version: 0.1.0
Check: LazyData
Result: NOTE
     'LazyData' is specified without a 'data' directory
Flavors: r-devel-linux-x86_64-debian-clang, r-devel-linux-x86_64-debian-gcc, r-devel-linux-x86_64-fedora-clang, r-devel-linux-x86_64-fedora-gcc, r-devel-windows-ix86+x86_64, r-devel-windows-x86_64-gcc10-UCRT