CRAN Package Check Results for Package betaper

Last updated on 2024-05-25 06:56:51 CEST.

Flavor Version Tinstall Tcheck Ttotal Status Flags
r-devel-linux-x86_64-debian-clang 1.1-2 10.20 75.16 85.36 OK
r-devel-linux-x86_64-debian-gcc 1.1-2 7.40 56.76 64.16 OK
r-devel-linux-x86_64-fedora-clang 1.1-2 111.86 OK
r-devel-linux-x86_64-fedora-gcc 1.1-2 103.65 OK
r-devel-windows-x86_64 1.1-2 7.00 86.00 93.00 OK
r-patched-linux-x86_64 1.1-2 9.71 73.18 82.89 OK
r-release-linux-x86_64 1.1-2 8.54 71.94 80.48 OK
r-release-macos-arm64 1.1-2 40.00 OK
r-release-windows-x86_64 1.1-2 8.00 87.00 95.00 OK
r-oldrel-macos-arm64 1.1-2 43.00 OK
r-oldrel-macos-x86_64 1.1-2 71.00 OK
r-oldrel-windows-x86_64 1.1-2 10.00 108.00 118.00 WARN

Check Details

Version: 1.1-2
Check: examples
Result: WARN Found the following significant warnings: Warning: 'adonis' is deprecated. Warning: 'adonis' is deprecated. Warning: 'adonis' is deprecated. Warning: 'adonis' is deprecated. Warning: 'adonis' is deprecated. Deprecated functions may be defunct as soon as of the next release of R. See ?Deprecated. Flavor: r-oldrel-windows-x86_64