CRAN Package Check Results for Package betareg

Last updated on 2019-10-15 18:48:46 CEST.

Flavor Version Tinstall Tcheck Ttotal Status Flags
r-devel-linux-x86_64-debian-clang 3.1-2 11.81 154.58 166.39 NOTE
r-devel-linux-x86_64-debian-gcc 3.1-2 8.71 116.51 125.22 NOTE
r-devel-linux-x86_64-fedora-clang 3.1-2 202.29 NOTE
r-devel-linux-x86_64-fedora-gcc 3.1-2 221.48 NOTE
r-devel-windows-ix86+x86_64 3.1-2 17.00 165.00 182.00 NOTE
r-patched-linux-x86_64 3.1-2 11.62 153.19 164.81 NOTE
r-patched-solaris-x86 3.1-2 266.80 NOTE
r-release-linux-x86_64 3.1-2 11.74 152.97 164.71 NOTE
r-release-windows-ix86+x86_64 3.1-2 25.00 163.00 188.00 NOTE
r-release-osx-x86_64 3.1-2 OK
r-oldrel-windows-ix86+x86_64 3.1-2 14.00 168.00 182.00 OK
r-oldrel-osx-x86_64 3.1-2 OK

Check Details

Version: 3.1-2
Check: running R code from vignettes
Result: NOTE
     'betareg-ext.Rnw'... [14s/15s] NOTE
    differences from 'betareg-ext.Rout.save'
    176c176
    < | 0.38093218 -0.08622808 4.80766206
    ---
    > | 0.38093218 -0.08622808 4.80766205
     'betareg.Rnw'... [6s/7s] OK
Flavor: r-devel-linux-x86_64-debian-clang

Version: 3.1-2
Check: running R code from vignettes
Result: NOTE
     ‘betareg-ext.Rnw’... [10s/13s] NOTE
    differences from ‘betareg-ext.Rout.save’
    176c176
    < | 0.38093218 -0.08622808 4.80766206
    ---
    > | 0.38093218 -0.08622808 4.80766205
     ‘betareg.Rnw’... [4s/6s] OK
Flavor: r-devel-linux-x86_64-debian-gcc

Version: 3.1-2
Check: running R code from vignettes
Result: NOTE
     ‘betareg-ext.Rnw’... [16s/19s] NOTE
    differences from ‘betareg-ext.Rout.save’
    176c176
    < | 0.38093218 -0.08622808 4.80766206
    ---
    > | 0.38093218 -0.08622808 4.80766205
     ‘betareg.Rnw’... OK
Flavor: r-devel-linux-x86_64-fedora-clang

Version: 3.1-2
Check: running R code from vignettes
Result: NOTE
     ‘betareg-ext.Rnw’... [16s/40s] NOTE
    differences from ‘betareg-ext.Rout.save’
    176c176
    < | 0.38093218 -0.08622808 4.80766206
    ---
    > | 0.38093218 -0.08622808 4.80766205
     ‘betareg.Rnw’... [7s/16s] OK
Flavor: r-devel-linux-x86_64-fedora-gcc

Version: 3.1-2
Check: running R code from vignettes
Result: NOTE
     'betareg-ext.Rnw'... [11s] NOTE
    differences from 'betareg-ext.Rout.save'
    176c176
    < | 0.38093218 -0.08622808 4.80766206
    ---
    > | 0.38093218 -0.08622808 4.80766205
     'betareg.Rnw'... [5s] OK
Flavor: r-devel-windows-ix86+x86_64

Version: 3.1-2
Check: running R code from vignettes
Result: NOTE
     ‘betareg-ext.Rnw’... [13s/14s] NOTE
    differences from ‘betareg-ext.Rout.save’
    176c176
    < | 0.38093218 -0.08622808 4.80766206
    ---
    > | 0.38093218 -0.08622808 4.80766205
     ‘betareg.Rnw’... [5s/6s] OK
Flavor: r-patched-linux-x86_64

Version: 3.1-2
Check: running R code from vignettes
Result: NOTE
     ‘betareg-ext.Rnw’... [20s/24s] NOTE
    differences from ‘betareg-ext.Rout.save’
    176c176
    < | 0.38093218 -0.08622808 4.80766206
    ---
    > | 0.38093218 -0.08622808 4.80766205
     ‘betareg.Rnw’... OK
Flavor: r-patched-solaris-x86

Version: 3.1-2
Check: running R code from vignettes
Result: NOTE
     ‘betareg-ext.Rnw’... [13s/15s] NOTE
    differences from ‘betareg-ext.Rout.save’
    176c176
    < | 0.38093218 -0.08622808 4.80766206
    ---
    > | 0.38093218 -0.08622808 4.80766205
     ‘betareg.Rnw’... [5s/6s] OK
Flavor: r-release-linux-x86_64

Version: 3.1-2
Check: running R code from vignettes
Result: NOTE
     'betareg-ext.Rnw'... [14s] NOTE
    differences from 'betareg-ext.Rout.save'
    176c176
    < | 0.38093218 -0.08622808 4.80766206
    ---
    > | 0.38093218 -0.08622808 4.80766205
     'betareg.Rnw'... [6s] OK
Flavor: r-release-windows-ix86+x86_64