CRAN Package Check Results for Package betareg

Last updated on 2019-07-16 02:49:15 CEST.

Flavor Version Tinstall Tcheck Ttotal Status Flags
r-devel-linux-x86_64-debian-clang 3.1-2 14.68 157.14 171.82 NOTE
r-devel-linux-x86_64-debian-gcc 3.1-2 9.45 119.70 129.15 OK
r-devel-linux-x86_64-fedora-clang 3.1-2 190.33 NOTE
r-devel-linux-x86_64-fedora-gcc 3.1-2 186.01 NOTE
r-devel-windows-ix86+x86_64 3.1-2 25.00 236.00 261.00 NOTE
r-patched-linux-x86_64 3.1-2 12.33 153.96 166.29 NOTE
r-patched-solaris-x86 3.1-2 273.70 NOTE
r-release-linux-x86_64 3.1-2 12.15 154.09 166.24 NOTE
r-release-windows-ix86+x86_64 3.1-2 15.00 240.00 255.00 NOTE
r-release-osx-x86_64 3.1-2 OK
r-oldrel-windows-ix86+x86_64 3.1-2 20.00 164.00 184.00 OK
r-oldrel-osx-x86_64 3.1-2 OK

Check Details

Version: 3.1-2
Check: running R code from vignettes
Result: NOTE
     'betareg-ext.Rnw'... [14s/16s] NOTE
    differences from 'betareg-ext.Rout.save'
    176c176
    < | 0.38093218 -0.08622808 4.80766206
    ---
    > | 0.38093218 -0.08622808 4.80766205
     'betareg.Rnw'... [6s/7s] OK
Flavor: r-devel-linux-x86_64-debian-clang

Version: 3.1-2
Check: running R code from vignettes
Result: NOTE
     ‘betareg-ext.Rnw’... [16s/18s] NOTE
    differences from ‘betareg-ext.Rout.save’
    176c176
    < | 0.38093218 -0.08622808 4.80766206
    ---
    > | 0.38093218 -0.08622808 4.80766205
     ‘betareg.Rnw’... OK
Flavor: r-devel-linux-x86_64-fedora-clang

Version: 3.1-2
Check: running R code from vignettes
Result: NOTE
     ‘betareg-ext.Rnw’... [15s/17s] NOTE
    differences from ‘betareg-ext.Rout.save’
    176c176
    < | 0.38093218 -0.08622808 4.80766206
    ---
    > | 0.38093218 -0.08622808 4.80766205
     ‘betareg.Rnw’... OK
Flavor: r-devel-linux-x86_64-fedora-gcc

Version: 3.1-2
Check: running R code from vignettes
Result: NOTE
     'betareg-ext.Rnw'... [16s] NOTE
    differences from 'betareg-ext.Rout.save'
    176c176
    < | 0.38093218 -0.08622808 4.80766206
    ---
    > | 0.38093218 -0.08622808 4.80766205
     'betareg.Rnw'... [7s] OK
Flavor: r-devel-windows-ix86+x86_64

Version: 3.1-2
Check: running R code from vignettes
Result: NOTE
     ‘betareg-ext.Rnw’... [13s/14s] NOTE
    differences from ‘betareg-ext.Rout.save’
    176c176
    < | 0.38093218 -0.08622808 4.80766206
    ---
    > | 0.38093218 -0.08622808 4.80766205
     ‘betareg.Rnw’... [6s/6s] OK
Flavor: r-patched-linux-x86_64

Version: 3.1-2
Check: running R code from vignettes
Result: NOTE
     ‘betareg-ext.Rnw’... [21s/24s] NOTE
    differences from ‘betareg-ext.Rout.save’
    176c176
    < | 0.38093218 -0.08622808 4.80766206
    ---
    > | 0.38093218 -0.08622808 4.80766205
     ‘betareg.Rnw’... [8s/10s] OK
Flavor: r-patched-solaris-x86

Version: 3.1-2
Check: running R code from vignettes
Result: NOTE
     ‘betareg-ext.Rnw’... [14s/15s] NOTE
    differences from ‘betareg-ext.Rout.save’
    176c176
    < | 0.38093218 -0.08622808 4.80766206
    ---
    > | 0.38093218 -0.08622808 4.80766205
     ‘betareg.Rnw’... [5s/6s] OK
Flavor: r-release-linux-x86_64

Version: 3.1-2
Check: running R code from vignettes
Result: NOTE
     'betareg-ext.Rnw'... [17s] NOTE
    differences from 'betareg-ext.Rout.save'
    176c176
    < | 0.38093218 -0.08622808 4.80766206
    ---
    > | 0.38093218 -0.08622808 4.80766205
     'betareg.Rnw'... [8s] OK
Flavor: r-release-windows-ix86+x86_64