CRAN Package Check Results for Package beyondWhittle

Last updated on 2022-10-03 05:50:41 CEST.

Flavor Version Tinstall Tcheck Ttotal Status Flags
r-devel-linux-x86_64-debian-clang 1.1.3 150.46 175.17 325.63 OK
r-devel-linux-x86_64-debian-gcc 1.1.3 119.03 124.54 243.57 OK
r-devel-linux-x86_64-fedora-clang 1.1.3 466.28 OK
r-devel-linux-x86_64-fedora-gcc 1.1.3 419.61 OK
r-devel-windows-x86_64 1.1.3 222.00 231.00 453.00 OK
r-patched-linux-x86_64 1.1.3 134.16 165.83 299.99 OK
r-release-linux-x86_64 1.1.3 129.24 165.26 294.50 OK
r-release-macos-arm64 1.1.3 81.00 NOTE
r-release-macos-x86_64 1.1.3 201.00 NOTE
r-release-windows-x86_64 1.1.3 171.00 221.00 392.00 OK
r-oldrel-macos-arm64 1.1.3 85.00 NOTE
r-oldrel-macos-x86_64 1.1.3 131.00 NOTE
r-oldrel-windows-ix86+x86_64 1.1.3 383.00 372.00 755.00 OK

Check Details

Version: 1.1.3
Check: installed package size
Result: NOTE
     installed size is 5.3Mb
     sub-directories of 1Mb or more:
     libs 4.9Mb
Flavors: r-release-macos-arm64, r-release-macos-x86_64, r-oldrel-macos-arm64, r-oldrel-macos-x86_64