Last updated on 2023-10-03 08:04:44 CEST.
Flavor | Version | Tinstall | Tcheck | Ttotal | Status | Flags |
---|---|---|---|---|---|---|
r-devel-linux-x86_64-debian-clang | 1.2.0 | 176.09 | 186.52 | 362.61 | NOTE | |
r-devel-linux-x86_64-debian-gcc | 1.2.0 | 119.50 | 134.81 | 254.31 | NOTE | |
r-devel-linux-x86_64-fedora-clang | 1.2.0 | 527.17 | NOTE | |||
r-devel-linux-x86_64-fedora-gcc | 1.2.0 | 503.84 | NOTE | |||
r-devel-windows-x86_64 | 1.2.0 | 132.00 | 185.00 | 317.00 | NOTE | |
r-patched-linux-x86_64 | 1.2.0 | 172.77 | 184.32 | 357.09 | OK | |
r-release-linux-x86_64 | 1.2.0 | 173.34 | 187.60 | 360.94 | OK | |
r-release-macos-arm64 | 1.2.0 | 109.00 | NOTE | |||
r-release-macos-x86_64 | 1.2.0 | 142.00 | NOTE | |||
r-release-windows-x86_64 | 1.2.0 | 171.00 | 226.00 | 397.00 | OK | |
r-oldrel-macos-arm64 | 1.2.0 | 106.00 | NOTE | |||
r-oldrel-macos-x86_64 | 1.2.0 | 148.00 | NOTE | |||
r-oldrel-windows-x86_64 | 1.2.0 | 168.00 | 210.00 | 378.00 | OK |
Version: 1.2.0
Check: Rd \usage sections
Result: NOTE
Documented arguments not in \usage in documentation object 'print_summary_gibbs_psd_help':
‘flag=T:’
Functions with \usage entries need to have the appropriate \alias
entries, and all their arguments documented.
The \usage entries must correspond to syntactically valid R code.
See chapter ‘Writing R documentation files’ in the ‘Writing R
Extensions’ manual.
Flavors: r-devel-linux-x86_64-debian-clang, r-devel-linux-x86_64-debian-gcc, r-devel-linux-x86_64-fedora-clang, r-devel-linux-x86_64-fedora-gcc, r-devel-windows-x86_64
Version: 1.2.0
Check: installed package size
Result: NOTE
installed size is 5.6Mb
sub-directories of 1Mb or more:
libs 5.2Mb
Flavors: r-release-macos-arm64, r-release-macos-x86_64, r-oldrel-macos-arm64, r-oldrel-macos-x86_64